CRAN Package Check Results for Package utile.tables

Last updated on 2022-06-24 15:52:50 CEST.

Flavor Version Tinstall Tcheck Ttotal Status Flags
r-devel-linux-x86_64-debian-clang 0.2.1 3.23 36.49 39.72 NOTE
r-devel-linux-x86_64-debian-gcc 0.2.1 2.83 28.31 31.14 NOTE
r-devel-linux-x86_64-fedora-clang 0.2.1 58.65 NOTE
r-devel-linux-x86_64-fedora-gcc 0.2.1 57.88 NOTE
r-devel-windows-x86_64 0.2.1 23.00 64.00 87.00 NOTE
r-patched-linux-x86_64 0.2.1 3.10 35.34 38.44 NOTE
r-release-linux-x86_64 0.2.1 3.63 34.31 37.94 NOTE
r-release-macos-arm64 0.2.1 18.00 NOTE
r-release-macos-x86_64 0.2.1 33.00 NOTE
r-release-windows-x86_64 0.2.1 23.00 63.00 86.00 NOTE
r-oldrel-macos-arm64 0.2.1 22.00 NOTE
r-oldrel-macos-x86_64 0.2.1 28.00 NOTE
r-oldrel-windows-ix86+x86_64 0.2.1 9.00 58.00 67.00 NOTE

Check Details

Version: 0.2.1
Check: LazyData
Result: NOTE
     'LazyData' is specified without a 'data' directory
Flavors: r-devel-linux-x86_64-debian-clang, r-devel-linux-x86_64-debian-gcc, r-devel-linux-x86_64-fedora-clang, r-devel-linux-x86_64-fedora-gcc, r-devel-windows-x86_64, r-patched-linux-x86_64, r-release-linux-x86_64, r-release-macos-arm64, r-release-macos-x86_64, r-release-windows-x86_64, r-oldrel-macos-arm64, r-oldrel-macos-x86_64, r-oldrel-windows-ix86+x86_64