CRAN Package Check Results for Package usmap

Last updated on 2020-08-13 15:51:25 CEST.

Flavor Version Tinstall Tcheck Ttotal Status Flags
r-devel-linux-x86_64-debian-clang 0.5.0 3.60 67.10 70.70 OK
r-devel-linux-x86_64-debian-gcc 0.5.0 2.51 50.81 53.32 OK
r-devel-linux-x86_64-fedora-clang 0.5.0 89.00 NOTE
r-devel-linux-x86_64-fedora-gcc 0.5.0 82.83 NOTE
r-devel-windows-ix86+x86_64 0.5.0 12.00 111.00 123.00 NOTE
r-patched-linux-x86_64 0.5.0 3.85 63.74 67.59 OK
r-patched-solaris-x86 0.5.0 129.20 NOTE
r-release-linux-x86_64 0.5.0 3.50 64.08 67.58 OK
r-release-macos-x86_64 0.5.0 NOTE
r-release-windows-ix86+x86_64 0.5.0 8.00 108.00 116.00 NOTE
r-oldrel-macos-x86_64 0.5.0 NOTE
r-oldrel-windows-ix86+x86_64 0.5.0 6.00 77.00 83.00 NOTE

Check Details

Version: 0.5.0
Check: installed package size
Result: NOTE
     installed size is 8.4Mb
     sub-directories of 1Mb or more:
     doc 1.6Mb
     extdata 6.4Mb
Flavors: r-devel-linux-x86_64-fedora-clang, r-devel-windows-ix86+x86_64, r-patched-solaris-x86, r-release-macos-x86_64, r-release-windows-ix86+x86_64, r-oldrel-macos-x86_64, r-oldrel-windows-ix86+x86_64

Version: 0.5.0
Check: data for non-ASCII characters
Result: NOTE
     Note: found 1 marked UTF-8 string
Flavors: r-devel-linux-x86_64-fedora-clang, r-devel-linux-x86_64-fedora-gcc, r-patched-solaris-x86, r-release-macos-x86_64, r-oldrel-macos-x86_64