CRAN Package Check Results for Package usethis

Last updated on 2024-06-23 15:53:39 CEST.

Flavor Version Tinstall Tcheck Ttotal Status Flags
r-devel-linux-x86_64-debian-clang 2.2.3 11.88 186.59 198.47 OK
r-devel-linux-x86_64-debian-gcc 2.2.3 10.10 136.75 146.85 OK
r-devel-linux-x86_64-fedora-clang 2.2.3 239.85 NOTE
r-devel-linux-x86_64-fedora-gcc 2.2.3 215.10 OK
r-devel-windows-x86_64 2.2.3 13.00 167.00 180.00 OK
r-patched-linux-x86_64 2.2.3 16.66 178.17 194.83 OK
r-release-linux-x86_64 2.2.3 12.64 174.30 186.94 OK
r-release-macos-arm64 2.2.3 58.00 OK
r-release-macos-x86_64 2.2.3 94.00 OK
r-release-windows-x86_64 2.2.3 12.00 160.00 172.00 OK
r-oldrel-macos-arm64 2.2.3 61.00 OK
r-oldrel-macos-x86_64 2.2.3 115.00 OK
r-oldrel-windows-x86_64 2.2.3 16.00 182.00 198.00 OK

Check Details

Version: 2.2.3
Check: Rd cross-references
Result: NOTE Undeclared package ‘devtools’ in Rd xrefs Flavor: r-devel-linux-x86_64-fedora-clang