CRAN Package Check Results for Package userfriendlyscience

Last updated on 2020-08-10 15:48:13 CEST.

Flavor Version Tinstall Tcheck Ttotal Status Flags
r-devel-linux-x86_64-debian-clang 0.7.2 28.31 252.61 280.92 OK
r-devel-linux-x86_64-debian-gcc 0.7.2 25.30 185.98 211.28 OK
r-devel-linux-x86_64-fedora-clang 0.7.2 338.42 NOTE
r-devel-linux-x86_64-fedora-gcc 0.7.2 342.72 OK
r-devel-windows-ix86+x86_64 0.7.2 56.00 374.00 430.00 OK
r-patched-linux-x86_64 0.7.2 27.94 245.96 273.90 OK
r-patched-solaris-x86 0.7.2 400.80 OK
r-release-linux-x86_64 0.7.2 27.45 248.98 276.43 OK
r-release-macos-x86_64 0.7.2 OK
r-release-windows-ix86+x86_64 0.7.2 84.00 361.00 445.00 OK
r-oldrel-macos-x86_64 0.7.2 OK
r-oldrel-windows-ix86+x86_64 0.7.2 57.00 225.00 282.00 OK

Check Details

Version: 0.7.2
Check: package dependencies
Result: NOTE
    Imports includes 32 non-default packages.
    Importing from so many packages makes the package vulnerable to any of
    them becoming unavailable. Move as many as possible to Suggests and
    use conditionally.
Flavor: r-devel-linux-x86_64-fedora-clang