Last updated on 2023-02-01 03:54:31 CET.
Flavor | Version | Tinstall | Tcheck | Ttotal | Status | Flags |
---|---|---|---|---|---|---|
r-devel-linux-x86_64-debian-clang | 0.4.8 | 4.79 | 50.74 | 55.53 | NOTE | |
r-devel-linux-x86_64-debian-gcc | 0.4.8 | 4.41 | 37.44 | 41.85 | NOTE | |
r-devel-linux-x86_64-fedora-clang | 0.4.8 | 75.59 | NOTE | |||
r-devel-linux-x86_64-fedora-gcc | 0.4.8 | 73.17 | NOTE | |||
r-devel-windows-x86_64 | 0.4.8 | 20.00 | 98.00 | 118.00 | NOTE | |
r-patched-linux-x86_64 | 0.4.8 | 6.52 | 53.56 | 60.08 | NOTE | |
r-release-linux-x86_64 | 0.4.8 | 5.12 | 53.46 | 58.58 | NOTE | |
r-release-macos-arm64 | 0.4.8 | 26.00 | NOTE | |||
r-release-macos-x86_64 | 0.4.8 | 47.00 | NOTE | |||
r-release-windows-x86_64 | 0.4.8 | 25.00 | 97.00 | 122.00 | NOTE | |
r-oldrel-macos-arm64 | 0.4.8 | 34.00 | NOTE | |||
r-oldrel-macos-x86_64 | 0.4.8 | 38.00 | NOTE | |||
r-oldrel-windows-ix86+x86_64 | 0.4.8 | 12.00 | 74.00 | 86.00 | NOTE |
Version: 0.4.8
Check: LazyData
Result: NOTE
'LazyData' is specified without a 'data' directory
Flavors: r-devel-linux-x86_64-debian-clang, r-devel-linux-x86_64-debian-gcc, r-devel-linux-x86_64-fedora-clang, r-devel-linux-x86_64-fedora-gcc, r-devel-windows-x86_64, r-patched-linux-x86_64, r-release-linux-x86_64, r-release-macos-arm64, r-release-macos-x86_64, r-release-windows-x86_64, r-oldrel-macos-arm64, r-oldrel-macos-x86_64, r-oldrel-windows-ix86+x86_64