CRAN Package Check Results for Package us.census.geoheader

Last updated on 2023-02-02 15:54:48 CET.

Flavor Version Tinstall Tcheck Ttotal Status Flags
r-devel-linux-x86_64-debian-clang 1.0.2 1.34 24.66 26.00 NOTE
r-devel-linux-x86_64-debian-gcc 1.0.2 1.57 19.18 20.75 NOTE
r-devel-linux-x86_64-fedora-clang 1.0.2 34.55 NOTE
r-devel-linux-x86_64-fedora-gcc 1.0.2 43.67 NOTE
r-patched-linux-x86_64 1.0.2 2.03 24.89 26.92 NOTE
r-release-linux-x86_64 1.0.2 1.83 24.45 26.28 NOTE
r-release-macos-arm64 1.0.2 14.00 NOTE
r-release-macos-x86_64 1.0.2 23.00 NOTE
r-release-windows-x86_64 1.0.2 15.00 58.00 73.00 NOTE
r-oldrel-macos-arm64 1.0.2 23.00 NOTE
r-oldrel-macos-x86_64 1.0.2 25.00 NOTE
r-oldrel-windows-ix86+x86_64 1.0.2 5.00 51.00 56.00 NOTE

Check Details

Version: 1.0.2
Check: LazyData
Result: NOTE
     'LazyData' is specified without a 'data' directory
Flavors: r-devel-linux-x86_64-debian-clang, r-devel-linux-x86_64-debian-gcc, r-devel-linux-x86_64-fedora-clang, r-devel-linux-x86_64-fedora-gcc, r-patched-linux-x86_64, r-release-linux-x86_64, r-release-macos-arm64, r-release-macos-x86_64, r-release-windows-x86_64, r-oldrel-macos-arm64, r-oldrel-macos-x86_64, r-oldrel-windows-ix86+x86_64