CRAN Package Check Results for Package urca

Last updated on 2020-10-31 03:52:57 CET.

Flavor Version Tinstall Tcheck Ttotal Status Flags
r-devel-linux-x86_64-debian-clang 1.3-0 9.57 61.15 70.72 OK
r-devel-linux-x86_64-debian-gcc 1.3-0 8.21 47.08 55.29 OK
r-devel-linux-x86_64-fedora-clang 1.3-0 97.81 NOTE
r-devel-linux-x86_64-fedora-gcc 1.3-0 82.61 NOTE
r-devel-windows-ix86+x86_64 1.3-0 23.00 95.00 118.00 OK
r-patched-linux-x86_64 1.3-0 9.83 57.96 67.79 OK
r-patched-solaris-x86 1.3-0 112.40 OK
r-release-linux-x86_64 1.3-0 9.62 58.11 67.73 OK
r-release-macos-x86_64 1.3-0 OK
r-release-windows-ix86+x86_64 1.3-0 19.00 73.00 92.00 OK
r-oldrel-macos-x86_64 1.3-0 OK
r-oldrel-windows-ix86+x86_64 1.3-0 18.00 68.00 86.00 OK

Check Details

Version: 1.3-0
Check: compiled code
Result: NOTE
    File ‘urca/libs/urca.so’:
     Found no calls to: ‘R_registerRoutines’, ‘R_useDynamicSymbols’
    
    It is good practice to register native routines and to disable symbol
    search.
    
    See ‘Writing portable packages’ in the ‘Writing R Extensions’ manual.
Flavors: r-devel-linux-x86_64-fedora-clang, r-devel-linux-x86_64-fedora-gcc