CRAN Package Check Results for Package uptasticsearch

Last updated on 2024-06-24 15:56:57 CEST.

Flavor Version Tinstall Tcheck Ttotal Status Flags
r-devel-linux-x86_64-debian-clang 0.4.0 6.10 51.35 57.45 NOTE
r-devel-linux-x86_64-debian-gcc 0.4.0 3.56 38.57 42.13 NOTE
r-devel-linux-x86_64-fedora-clang 0.4.0 72.13 NOTE
r-devel-linux-x86_64-fedora-gcc 0.4.0 93.86 NOTE
r-devel-windows-x86_64 0.4.0 6.00 58.00 64.00 NOTE
r-patched-linux-x86_64 0.4.0 5.55 49.67 55.22 NOTE
r-release-linux-x86_64 0.4.0 5.61 49.91 55.52 NOTE
r-release-macos-arm64 0.4.0 36.00 NOTE
r-release-macos-x86_64 0.4.0 55.00 NOTE
r-release-windows-x86_64 0.4.0 7.00 60.00 67.00 NOTE
r-oldrel-macos-arm64 0.4.0 36.00 NOTE
r-oldrel-macos-x86_64 0.4.0 73.00 NOTE
r-oldrel-windows-x86_64 0.4.0 8.00 66.00 74.00 NOTE

Check Details

Version: 0.4.0
Check: LazyData
Result: NOTE 'LazyData' is specified without a 'data' directory Flavors: r-devel-linux-x86_64-debian-clang, r-devel-linux-x86_64-debian-gcc, r-devel-linux-x86_64-fedora-clang, r-devel-linux-x86_64-fedora-gcc, r-devel-windows-x86_64, r-patched-linux-x86_64, r-release-linux-x86_64, r-release-macos-arm64, r-release-macos-x86_64, r-release-windows-x86_64, r-oldrel-macos-arm64, r-oldrel-macos-x86_64, r-oldrel-windows-x86_64