CRAN Package Check Results for Package upstartr

Last updated on 2022-06-27 15:53:57 CEST.

Flavor Version Tinstall Tcheck Ttotal Status Flags
r-devel-linux-x86_64-debian-clang 0.1.1 9.91 103.56 113.47 NOTE
r-devel-linux-x86_64-debian-gcc 0.1.1 9.48 78.07 87.55 NOTE
r-devel-linux-x86_64-fedora-clang 0.1.1 146.28 NOTE
r-devel-linux-x86_64-fedora-gcc 0.1.1 144.76 NOTE
r-devel-windows-x86_64 0.1.1 34.00 129.00 163.00 NOTE
r-patched-linux-x86_64 0.1.1 9.26 95.35 104.61 NOTE
r-release-linux-x86_64 0.1.1 9.52 95.94 105.46 NOTE
r-release-macos-arm64 0.1.1 41.00 NOTE
r-release-macos-x86_64 0.1.1 74.00 NOTE
r-release-windows-x86_64 0.1.1 32.00 126.00 158.00 NOTE
r-oldrel-macos-arm64 0.1.1 45.00 NOTE
r-oldrel-macos-x86_64 0.1.1 77.00 NOTE
r-oldrel-windows-ix86+x86_64 0.1.1 26.00 115.00 141.00 NOTE

Check Details

Version: 0.1.1
Check: LazyData
Result: NOTE
     'LazyData' is specified without a 'data' directory
Flavors: r-devel-linux-x86_64-debian-clang, r-devel-linux-x86_64-debian-gcc, r-devel-linux-x86_64-fedora-clang, r-devel-linux-x86_64-fedora-gcc, r-devel-windows-x86_64, r-patched-linux-x86_64, r-release-linux-x86_64, r-release-macos-arm64, r-release-macos-x86_64, r-release-windows-x86_64, r-oldrel-macos-arm64, r-oldrel-macos-x86_64, r-oldrel-windows-ix86+x86_64