Last updated on 2023-02-08 04:07:20 CET.
Flavor | Version | Tinstall | Tcheck | Ttotal | Status | Flags |
---|---|---|---|---|---|---|
r-devel-linux-x86_64-debian-clang | 2.1.3 | 130.44 | 146.34 | 276.78 | NOTE | |
r-devel-linux-x86_64-debian-gcc | 2.1.3 | 100.69 | 107.40 | 208.09 | NOTE | |
r-devel-linux-x86_64-fedora-clang | 2.1.3 | 370.95 | NOTE | |||
r-devel-linux-x86_64-fedora-gcc | 2.1.3 | 390.33 | NOTE | |||
r-devel-windows-x86_64 | 2.1.3 | 116.00 | 229.00 | 345.00 | NOTE | |
r-patched-linux-x86_64 | 2.1.3 | 102.72 | 138.36 | 241.08 | OK | |
r-release-linux-x86_64 | 2.1.3 | 94.60 | 129.55 | 224.15 | OK | |
r-release-macos-arm64 | 2.1.3 | 97.00 | OK | |||
r-release-macos-x86_64 | 2.1.3 | 123.00 | OK | |||
r-release-windows-x86_64 | 2.1.3 | 274.00 | 220.00 | 494.00 | OK | |
r-oldrel-macos-arm64 | 2.1.3 | 100.00 | OK | |||
r-oldrel-macos-x86_64 | 2.1.3 | 128.00 | OK | |||
r-oldrel-windows-ix86+x86_64 | 2.1.3 | 303.00 | 247.00 | 550.00 | OK |
Version: 2.1.3
Check: C++ specification
Result: NOTE
Specified C++11: please update to current default of C++17
Flavors: r-devel-linux-x86_64-debian-clang, r-devel-windows-x86_64
Version: 2.1.3
Check: C++ specification
Result: NOTE
Specified C++11: please drop specification unless essential
Flavors: r-devel-linux-x86_64-debian-gcc, r-devel-linux-x86_64-fedora-clang, r-devel-linux-x86_64-fedora-gcc