CRAN Package Check Results for Package updog

Last updated on 2020-11-27 03:50:25 CET.

Flavor Version Tinstall Tcheck Ttotal Status Flags
r-devel-linux-x86_64-debian-clang 2.0.2 124.17 104.32 228.49 OK
r-devel-linux-x86_64-debian-gcc 2.0.2 140.72 76.09 216.81 OK
r-devel-linux-x86_64-fedora-clang 2.0.2 302.07 NOTE
r-devel-linux-x86_64-fedora-gcc 2.0.2 274.37 OK
r-devel-windows-ix86+x86_64 2.0.2 291.00 166.00 457.00 OK
r-patched-linux-x86_64 2.0.2 165.98 97.30 263.28 OK
r-patched-solaris-x86 2.0.2 328.70 OK
r-release-linux-x86_64 2.0.2 172.07 97.59 269.66 OK
r-release-macos-x86_64 2.0.2 OK
r-release-windows-ix86+x86_64 2.0.2 299.00 158.00 457.00 OK
r-oldrel-macos-x86_64 2.0.2 OK
r-oldrel-windows-ix86+x86_64 2.0.2 210.00 165.00 375.00 OK

Check Details

Version: 2.0.2
Check: installed package size
Result: NOTE
     installed size is 5.0Mb
     sub-directories of 1Mb or more:
     libs 4.2Mb
Flavor: r-devel-linux-x86_64-fedora-clang