CRAN Package Check Results for Package unvotes

Last updated on 2024-06-14 03:57:40 CEST.

Flavor Version Tinstall Tcheck Ttotal Status Flags
r-devel-linux-x86_64-debian-clang 0.3.0 6.18 45.65 51.83 OK
r-devel-linux-x86_64-debian-gcc 0.3.0 5.15 24.94 30.09 ERROR
r-devel-linux-x86_64-fedora-clang 0.3.0 71.43 NOTE
r-devel-linux-x86_64-fedora-gcc 0.3.0 77.26 NOTE
r-devel-windows-x86_64 0.3.0 7.00 54.00 61.00 OK
r-patched-linux-x86_64 0.3.0 6.08 43.40 49.48 OK
r-release-linux-x86_64 0.3.0 5.13 44.57 49.70 OK
r-release-macos-arm64 0.3.0 30.00 OK
r-release-macos-x86_64 0.3.0 46.00 OK
r-release-windows-x86_64 0.3.0 7.00 55.00 62.00 OK
r-oldrel-macos-arm64 0.3.0 35.00 OK
r-oldrel-macos-x86_64 0.3.0 53.00 OK
r-oldrel-windows-x86_64 0.3.0 8.00 60.00 68.00 OK

Check Details

Version: 0.3.0
Check: package dependencies
Result: NOTE Packages suggested but not available for checking: 'dplyr', 'readxl', 'tidyr', 'lubridate', 'devtools', 'ggplot2' Flavor: r-devel-linux-x86_64-debian-gcc

Version: 0.3.0
Check: examples
Result: ERROR Running examples in ‘unvotes-Ex.R’ failed The error most likely occurred in: > base::assign(".ptime", proc.time(), pos = "CheckExEnv") > ### Name: un_roll_calls > ### Title: Data on each roll call of the United Nations General Assembly > ### Aliases: un_roll_calls > ### Keywords: datasets > > ### ** Examples > > > library(dplyr) Error in library(dplyr) : there is no package called ‘dplyr’ Execution halted Flavor: r-devel-linux-x86_64-debian-gcc

Version: 0.3.0
Check: re-building of vignette outputs
Result: ERROR Error(s) in re-building vignettes: ... --- re-building ‘unvotes.Rmd’ using rmarkdown Quitting from lines 26-30 [unnamed-chunk-2] (unvotes.Rmd) Error: processing vignette 'unvotes.Rmd' failed with diagnostics: there is no package called 'dplyr' --- failed re-building ‘unvotes.Rmd’ SUMMARY: processing the following file failed: ‘unvotes.Rmd’ Error: Vignette re-building failed. Execution halted Flavor: r-devel-linux-x86_64-debian-gcc

Version: 0.3.0
Check: data for non-ASCII characters
Result: NOTE Note: found 7872 marked UTF-8 strings Flavors: r-devel-linux-x86_64-fedora-clang, r-devel-linux-x86_64-fedora-gcc