Last updated on 2023-02-08 15:52:57 CET.
Flavor | Version | Tinstall | Tcheck | Ttotal | Status | Flags |
---|---|---|---|---|---|---|
r-devel-linux-x86_64-debian-clang | 0.0.4 | 12.87 | 44.27 | 57.14 | NOTE | |
r-devel-linux-x86_64-debian-gcc | 0.0.4 | 12.86 | 32.32 | 45.18 | NOTE | |
r-devel-linux-x86_64-fedora-clang | 0.0.4 | 73.37 | NOTE | |||
r-devel-linux-x86_64-fedora-gcc | 0.0.4 | 91.30 | NOTE | |||
r-devel-windows-x86_64 | 0.0.4 | 30.00 | 97.00 | 127.00 | NOTE | |
r-patched-linux-x86_64 | 0.0.4 | 14.22 | 44.61 | 58.83 | OK | |
r-release-linux-x86_64 | 0.0.4 | 13.02 | 43.28 | 56.30 | OK | |
r-release-macos-arm64 | 0.0.4 | 29.00 | OK | |||
r-release-macos-x86_64 | 0.0.4 | 41.00 | OK | |||
r-release-windows-x86_64 | 0.0.4 | 29.00 | 91.00 | 120.00 | OK | |
r-oldrel-macos-arm64 | 0.0.4 | 34.00 | OK | |||
r-oldrel-macos-x86_64 | 0.0.4 | 40.00 | OK | |||
r-oldrel-windows-ix86+x86_64 | 0.0.4 | 38.00 | 105.00 | 143.00 | OK |
Version: 0.0.4
Check: C++ specification
Result: NOTE
Specified C++11: please update to current default of C++17
Flavors: r-devel-linux-x86_64-debian-clang, r-devel-windows-x86_64
Version: 0.0.4
Check: C++ specification
Result: NOTE
Specified C++11: please drop specification unless essential
Flavors: r-devel-linux-x86_64-debian-gcc, r-devel-linux-x86_64-fedora-clang, r-devel-linux-x86_64-fedora-gcc