CRAN Package Check Results for Package unitizer

Last updated on 2022-10-04 03:56:56 CEST.

Flavor Version Tinstall Tcheck Ttotal Status Flags
r-devel-linux-x86_64-debian-clang 1.4.18 19.01 244.59 263.60 OK
r-devel-linux-x86_64-debian-gcc 1.4.18 16.38 181.81 198.19 OK
r-devel-linux-x86_64-fedora-clang 1.4.18 332.61 OK
r-devel-linux-x86_64-fedora-gcc 1.4.18 393.63 OK
r-devel-windows-x86_64 1.4.18 237.00 352.00 589.00 OK
r-patched-linux-x86_64 1.4.18 24.38 229.93 254.31 OK
r-release-linux-x86_64 1.4.18 18.10 228.94 247.04 OK
r-release-macos-arm64 1.4.18 116.00 OK
r-release-macos-x86_64 1.4.18 177.00 OK
r-release-windows-x86_64 1.4.18 245.00 362.00 607.00 OK
r-oldrel-macos-arm64 1.4.18 148.00 WARN
r-oldrel-macos-x86_64 1.4.18 200.00 WARN
r-oldrel-windows-ix86+x86_64 1.4.18 39.00 330.00 369.00 WARN

Check Details

Version: 1.4.18
Check: for unstated dependencies in ‘tests’
Result: WARN
    'library' or 'require' calls not declared from:
     ‘unitizerdummypkg1’ ‘unitizerdummypkg2’
Flavors: r-oldrel-macos-arm64, r-oldrel-macos-x86_64

Version: 1.4.18
Check: for unstated dependencies in ‘tests’
Result: WARN
    Warning: unable to access index for repository https://bioconductor.org/packages/3.14/bioc/src/contrib:
     cannot open URL 'https://bioconductor.org/packages/3.14/bioc/src/contrib/PACKAGES'
    Warning: unable to access index for repository https://bioconductor.org/packages/3.14/data/annotation/src/contrib:
     cannot open URL 'https://bioconductor.org/packages/3.14/data/annotation/src/contrib/PACKAGES'
    Warning: unable to access index for repository https://bioconductor.org/packages/3.14/data/experiment/src/contrib:
     cannot open URL 'https://bioconductor.org/packages/3.14/data/experiment/src/contrib/PACKAGES'
Flavor: r-oldrel-windows-ix86+x86_64