Last updated on 2021-01-26 15:50:00 CET.
Flavor | Version | Tinstall | Tcheck | Ttotal | Status | Flags |
---|---|---|---|---|---|---|
r-devel-linux-x86_64-debian-clang | 1.3.0 | 56.49 | 134.53 | 191.02 | OK | |
r-devel-linux-x86_64-debian-gcc | 1.3.0 | 40.45 | 107.04 | 147.49 | OK | |
r-devel-linux-x86_64-fedora-clang | 1.3.0 | 247.62 | NOTE | |||
r-devel-linux-x86_64-fedora-gcc | 1.3.0 | 230.97 | OK | |||
r-devel-windows-ix86+x86_64 | 1.3.0 | 117.00 | 262.00 | 379.00 | OK | |
r-patched-linux-x86_64 | 1.3.0 | 48.73 | 129.55 | 178.28 | OK | |
r-patched-solaris-x86 | 1.3.0 | 331.70 | OK | |||
r-release-linux-x86_64 | 1.3.0 | 45.08 | 129.92 | 175.00 | OK | |
r-release-macos-x86_64 | 1.3.0 | NOTE | ||||
r-release-windows-ix86+x86_64 | 1.3.0 | 118.00 | 216.00 | 334.00 | OK | |
r-oldrel-macos-x86_64 | 1.3.0 | WARN | ||||
r-oldrel-windows-ix86+x86_64 | 1.3.0 | 84.00 | 237.00 | 321.00 | NOTE |
Version: 1.3.0
Check: installed package size
Result: NOTE
installed size is 15.4Mb
sub-directories of 1Mb or more:
libs 14.8Mb
Flavors: r-devel-linux-x86_64-fedora-clang, r-release-macos-x86_64, r-oldrel-macos-x86_64
Version: 1.3.0
Check: whether package can be installed
Result: WARN
Found the following significant warnings:
Warning: 'rgl.init' failed, running with 'rgl.useNULL = TRUE'.
Flavor: r-oldrel-macos-x86_64
Version: 1.3.0
Check: R code for possible problems
Result: NOTE
plot.pclm: no visible global function definition for ‘plot’
Undefined global functions or variables:
plot
Consider adding
importFrom("graphics", "plot")
to your NAMESPACE file.
Flavors: r-oldrel-macos-x86_64, r-oldrel-windows-ix86+x86_64
Version: 1.3.0
Check: Rd files
Result: WARN
prepare_Rd: RGL: unable to open X11 display
prepare_Rd: 'rgl.init' failed, running with 'rgl.useNULL = TRUE'.
Flavor: r-oldrel-macos-x86_64