CRAN Package Check Results for Package unglue

Last updated on 2023-03-26 03:50:28 CEST.

Flavor Version Tinstall Tcheck Ttotal Status Flags
r-devel-linux-x86_64-debian-clang 0.1.0 1.91 24.93 26.84 NOTE
r-devel-linux-x86_64-debian-gcc 0.1.0 1.85 19.51 21.36 NOTE
r-devel-linux-x86_64-fedora-clang 0.1.0 34.96 NOTE
r-devel-linux-x86_64-fedora-gcc 0.1.0 43.80 NOTE
r-patched-linux-x86_64 0.1.0 2.55 23.62 26.17 NOTE
r-release-linux-x86_64 0.1.0 2.09 24.93 27.02 NOTE
r-release-macos-arm64 0.1.0 19.00 NOTE
r-release-macos-x86_64 0.1.0 28.00 NOTE
r-release-windows-x86_64 0.1.0 13.00 55.00 68.00 NOTE
r-oldrel-macos-arm64 0.1.0 22.00 NOTE
r-oldrel-macos-x86_64 0.1.0 41.00 NOTE
r-oldrel-windows-ix86+x86_64 0.1.0 5.00 52.00 57.00 NOTE

Check Details

Version: 0.1.0
Check: LazyData
Result: NOTE
     'LazyData' is specified without a 'data' directory
Flavors: r-devel-linux-x86_64-debian-clang, r-devel-linux-x86_64-debian-gcc, r-devel-linux-x86_64-fedora-clang, r-devel-linux-x86_64-fedora-gcc, r-patched-linux-x86_64, r-release-linux-x86_64, r-release-macos-arm64, r-release-macos-x86_64, r-release-windows-x86_64, r-oldrel-macos-arm64, r-oldrel-macos-x86_64, r-oldrel-windows-ix86+x86_64