CRAN Package Check Results for Package uncmbb

Last updated on 2020-09-22 03:49:45 CEST.

Flavor Version Tinstall Tcheck Ttotal Status Flags
r-devel-linux-x86_64-debian-clang 0.2.1 3.44 34.50 37.94 OK
r-devel-linux-x86_64-debian-gcc 0.2.1 0.25 1.90 2.15 ERROR
r-devel-linux-x86_64-fedora-clang 0.2.1 64.85 OK
r-devel-linux-x86_64-fedora-gcc 0.2.1 46.14 OK
r-devel-windows-ix86+x86_64 0.2.1 8.00 47.00 55.00 OK
r-patched-linux-x86_64 0.2.1 3.28 33.22 36.50 OK
r-patched-solaris-x86 0.2.1 70.80 OK
r-release-linux-x86_64 0.2.1 2.97 33.63 36.60 OK
r-release-macos-x86_64 0.2.1 OK
r-release-windows-ix86+x86_64 0.2.1 9.00 41.00 50.00 OK
r-oldrel-macos-x86_64 0.2.1 OK
r-oldrel-windows-ix86+x86_64 0.2.1 5.00 38.00 43.00 OK

Check Details

Version: 0.2.1
Check: whether package can be installed
Result: ERROR
    Installation failed.
Flavor: r-devel-linux-x86_64-debian-gcc