Last updated on 2022-06-27 15:53:57 CEST.
Flavor | Version | Tinstall | Tcheck | Ttotal | Status | Flags |
---|---|---|---|---|---|---|
r-devel-linux-x86_64-debian-clang | 4.10.50 | 39.94 | 1116.84 | 1156.78 | OK | |
r-devel-linux-x86_64-debian-gcc | 4.10.50 | 34.30 | 644.85 | 679.15 | OK | |
r-devel-linux-x86_64-fedora-clang | 4.10.50 | 1199.27 | NOTE | |||
r-devel-linux-x86_64-fedora-gcc | 4.10.50 | 593.39 | NOTE | |||
r-devel-windows-x86_64 | 4.10.50 | 128.00 | 906.00 | 1034.00 | NOTE | |
r-patched-linux-x86_64 | 4.10.50 | 61.83 | 837.12 | 898.95 | OK | |
r-release-linux-x86_64 | 4.10.50 | 30.70 | 840.07 | 870.77 | OK | |
r-release-macos-arm64 | 4.10.50 | 250.00 | NOTE | |||
r-release-macos-x86_64 | 4.10.50 | 462.00 | NOTE | |||
r-release-windows-x86_64 | 4.10.50 | 130.00 | 885.00 | 1015.00 | NOTE | |
r-oldrel-macos-arm64 | 4.10.50 | 172.00 | NOTE | |||
r-oldrel-macos-x86_64 | 4.10.50 | 358.00 | NOTE | |||
r-oldrel-windows-ix86+x86_64 | 4.10.50 | 78.00 | 948.00 | 1026.00 | NOTE |
Version: 4.10.50
Check: installed package size
Result: NOTE
installed size is 5.1Mb
sub-directories of 1Mb or more:
help 3.6Mb
Flavors: r-devel-linux-x86_64-fedora-clang, r-devel-windows-x86_64, r-release-macos-arm64, r-release-macos-x86_64, r-release-windows-x86_64, r-oldrel-macos-arm64, r-oldrel-macos-x86_64, r-oldrel-windows-ix86+x86_64
Version: 4.10.50
Check: dependencies in R code
Result: NOTE
Namespace in Imports field not imported from: ‘tibble’
All declared Imports should be used.
Flavors: r-devel-linux-x86_64-fedora-clang, r-devel-linux-x86_64-fedora-gcc, r-release-macos-arm64, r-release-macos-x86_64, r-oldrel-macos-arm64, r-oldrel-macos-x86_64