CRAN Package Check Results for Package umap

Last updated on 2024-06-14 03:57:40 CEST.

Flavor Version Tinstall Tcheck Ttotal Status Flags
r-devel-linux-x86_64-debian-clang 0.2.10.0 34.66 130.86 165.52 OK
r-devel-linux-x86_64-debian-gcc 0.2.10.0 27.73 79.92 107.65 ERROR
r-devel-linux-x86_64-fedora-clang 0.2.10.0 221.87 OK
r-devel-linux-x86_64-fedora-gcc 0.2.10.0 223.57 OK
r-devel-windows-x86_64 0.2.10.0 30.00 150.00 180.00 OK
r-patched-linux-x86_64 0.2.10.0 31.35 125.14 156.49 OK
r-release-linux-x86_64 0.2.10.0 32.30 121.97 154.27 OK
r-release-macos-arm64 0.2.10.0 63.00 OK
r-release-macos-x86_64 0.2.10.0 91.00 OK
r-release-windows-x86_64 0.2.10.0 32.00 156.00 188.00 OK
r-oldrel-macos-arm64 0.2.10.0 63.00 OK
r-oldrel-macos-x86_64 0.2.10.0 112.00 OK
r-oldrel-windows-x86_64 0.2.10.0 39.00 164.00 203.00 OK

Check Details

Version: 0.2.10.0
Check: package dependencies
Result: NOTE Package suggested but not available for checking: ‘testthat’ Flavor: r-devel-linux-x86_64-debian-gcc

Version: 0.2.10.0
Check: tests
Result: ERROR Running ‘testthat.R’ [0s/0s] Running the tests in ‘tests/testthat.R’ failed. Complete output: > library(testthat) Error in library(testthat) : there is no package called 'testthat' Execution halted Flavor: r-devel-linux-x86_64-debian-gcc