CRAN Package Check Results for Package udpipe

Last updated on 2022-10-03 04:59:43 CEST.

Flavor Version Tinstall Tcheck Ttotal Status Flags
r-devel-linux-x86_64-debian-clang 0.8.9 151.19 371.65 522.84 OK
r-devel-linux-x86_64-debian-gcc 0.8.9 140.84 320.37 461.21 OK
r-devel-linux-x86_64-fedora-clang 0.8.9 687.40 NOTE
r-devel-linux-x86_64-fedora-gcc 0.8.9 789.51 OK
r-devel-windows-x86_64 0.8.9 141.00 490.00 631.00 NOTE
r-patched-linux-x86_64 0.8.9 153.39 421.05 574.44 OK
r-release-linux-x86_64 0.8.9 149.18 419.18 568.36 OK
r-release-macos-arm64 0.8.9 236.00 NOTE
r-release-macos-x86_64 0.8.9 256.00 NOTE
r-release-windows-x86_64 0.8.9 157.00 473.00 630.00 NOTE
r-oldrel-macos-arm64 0.8.9 206.00 NOTE
r-oldrel-macos-x86_64 0.8.9 248.00 NOTE
r-oldrel-windows-ix86+x86_64 0.8.9 327.00 618.00 945.00 NOTE

Check Details

Version: 0.8.9
Check: installed package size
Result: NOTE
     installed size is 7.1Mb
     sub-directories of 1Mb or more:
     doc 1.4Mb
     dummydata 1.4Mb
     libs 2.4Mb
Flavors: r-devel-linux-x86_64-fedora-clang, r-devel-windows-x86_64, r-release-macos-arm64, r-release-macos-x86_64, r-release-windows-x86_64, r-oldrel-macos-arm64, r-oldrel-macos-x86_64, r-oldrel-windows-ix86+x86_64