Last updated on 2023-10-01 05:05:56 CEST.
Flavor | Version | Tinstall | Tcheck | Ttotal | Status | Flags |
---|---|---|---|---|---|---|
r-devel-linux-x86_64-debian-clang | 0.8.11 | 156.93 | 383.03 | 539.96 | NOTE | |
r-devel-linux-x86_64-debian-gcc | 0.8.11 | 139.14 | 303.15 | 442.29 | NOTE | |
r-devel-linux-x86_64-fedora-clang | 0.8.11 | 675.83 | NOTE | |||
r-devel-linux-x86_64-fedora-gcc | 0.8.11 | 806.86 | NOTE | |||
r-devel-windows-x86_64 | 0.8.11 | 114.00 | 355.00 | 469.00 | NOTE | |
r-patched-linux-x86_64 | 0.8.11 | 153.84 | 397.68 | 551.52 | NOTE | |
r-release-linux-x86_64 | 0.8.11 | 162.55 | 407.83 | 570.38 | NOTE | |
r-release-macos-arm64 | 0.8.11 | 254.00 | NOTE | |||
r-release-macos-x86_64 | 0.8.11 | 373.00 | NOTE | |||
r-release-windows-x86_64 | 0.8.11 | 152.00 | 430.00 | 582.00 | NOTE | |
r-oldrel-macos-arm64 | 0.8.11 | 252.00 | NOTE | |||
r-oldrel-macos-x86_64 | 0.8.11 | 260.00 | NOTE | |||
r-oldrel-windows-x86_64 | 0.8.11 | 146.00 | 429.00 | 575.00 | NOTE |
Version: 0.8.11
Check: C++ specification
Result: NOTE
Specified C++11: please drop specification unless essential
Flavors: r-devel-linux-x86_64-debian-clang, r-devel-linux-x86_64-debian-gcc, r-devel-linux-x86_64-fedora-clang, r-devel-linux-x86_64-fedora-gcc, r-devel-windows-x86_64, r-patched-linux-x86_64, r-release-linux-x86_64, r-release-macos-arm64, r-release-macos-x86_64, r-release-windows-x86_64
Version: 0.8.11
Check: installed package size
Result: NOTE
installed size is 7.2Mb
sub-directories of 1Mb or more:
doc 1.4Mb
dummydata 1.4Mb
libs 2.5Mb
Flavors: r-devel-linux-x86_64-fedora-clang, r-devel-windows-x86_64, r-release-macos-arm64, r-release-macos-x86_64, r-release-windows-x86_64, r-oldrel-macos-arm64, r-oldrel-macos-x86_64, r-oldrel-windows-x86_64