CRAN Package Check Results for Package uchardet

Last updated on 2021-09-19 03:51:37 CEST.

Flavor Version Tinstall Tcheck Ttotal Status Flags
r-devel-linux-x86_64-debian-clang 1.1.0 7.99 25.54 33.53 NOTE
r-devel-linux-x86_64-debian-gcc 1.1.0 5.38 20.39 25.77 NOTE
r-devel-linux-x86_64-fedora-clang 1.1.0 50.72 NOTE
r-devel-linux-x86_64-fedora-gcc 1.1.0 39.50 NOTE
r-devel-windows-x86_64 1.1.0 15.00 52.00 67.00 NOTE
r-devel-windows-x86_64-gcc10-UCRT 1.1.0 ERROR
r-patched-linux-x86_64 1.1.0 6.58 24.68 31.26 NOTE
r-patched-solaris-x86 1.1.0 79.40 NOTE
r-release-linux-x86_64 1.1.0 6.56 24.91 31.47 NOTE
r-release-macos-arm64 1.1.0 NOTE
r-release-macos-x86_64 1.1.0 NOTE
r-release-windows-ix86+x86_64 1.1.0 30.00 47.00 77.00 NOTE
r-oldrel-macos-x86_64 1.1.0 NOTE
r-oldrel-windows-ix86+x86_64 1.1.0 32.00 45.00 77.00 NOTE

Check Details

Version: 1.1.0
Check: for GNU extensions in Makefiles
Result: NOTE
    GNU make is a SystemRequirements.
Flavors: r-devel-linux-x86_64-debian-clang, r-devel-linux-x86_64-debian-gcc, r-devel-linux-x86_64-fedora-clang, r-devel-linux-x86_64-fedora-gcc, r-devel-windows-x86_64, r-patched-linux-x86_64, r-patched-solaris-x86, r-release-linux-x86_64, r-release-macos-arm64, r-release-macos-x86_64, r-release-windows-ix86+x86_64, r-oldrel-macos-x86_64, r-oldrel-windows-ix86+x86_64

Version: 1.1.0
Check: whether package can be installed
Result: ERROR
    Installation failed.
Flavor: r-devel-windows-x86_64-gcc10-UCRT