CRAN Package Check Results for Package uchardet

Last updated on 2020-09-24 15:48:45 CEST.

Flavor Version Tinstall Tcheck Ttotal Status Flags
r-devel-linux-x86_64-debian-clang 1.1.0 8.46 23.77 32.23 NOTE
r-devel-linux-x86_64-debian-gcc 1.1.0 6.03 19.18 25.21 NOTE
r-devel-linux-x86_64-fedora-clang 1.1.0 58.46 NOTE
r-devel-linux-x86_64-fedora-gcc 1.1.0 38.37 NOTE
r-devel-windows-ix86+x86_64 1.1.0 31.00 46.00 77.00 NOTE
r-patched-linux-x86_64 1.1.0 6.22 23.27 29.49 NOTE
r-patched-solaris-x86 1.1.0 60.40 NOTE
r-release-linux-x86_64 1.1.0 6.57 23.13 29.70 NOTE
r-release-macos-x86_64 1.1.0 NOTE
r-release-windows-ix86+x86_64 1.1.0 27.00 61.00 88.00 NOTE
r-oldrel-macos-x86_64 1.1.0 WARN
r-oldrel-windows-ix86+x86_64 1.1.0 26.00 55.00 81.00 ERROR

Check Details

Version: 1.1.0
Check: for GNU extensions in Makefiles
Result: NOTE
    GNU make is a SystemRequirements.
Flavors: r-devel-linux-x86_64-debian-clang, r-devel-linux-x86_64-debian-gcc, r-devel-linux-x86_64-fedora-clang, r-devel-linux-x86_64-fedora-gcc, r-devel-windows-ix86+x86_64, r-patched-linux-x86_64, r-patched-solaris-x86, r-release-linux-x86_64, r-release-macos-x86_64, r-release-windows-ix86+x86_64, r-oldrel-macos-x86_64, r-oldrel-windows-ix86+x86_64

Version: 1.1.0
Check: for executable files
Result: WARN
    Found the following executable files:
     inst/examples/ko.txt
     inst/examples/ru/koi8-r.txt
    Source packages should not contain undeclared executable files.
    See section ‘Package structure’ in the ‘Writing R Extensions’ manual.
Flavor: r-oldrel-macos-x86_64

Version: 1.1.0
Check: running tests for arch ‘i386’
Result: ERROR
     Running 'tinytest.R' [1s]
    Running the tests in 'tests/tinytest.R' failed.
    Complete output:
     > if (requireNamespace("tinytest", quietly = TRUE)) {
     + # set a seed to make the test deterministic
     + set.seed(42)
     +
     + # run tests (package must be installed)
     + tinytest::test_package("uchardet")
     + }
    
     Running test-detect-file.R............ 0 tests
     Running test-detect-file.R............ 1 tests <1b>[0;32mOK<1b>[0m
     Running test-detect-file.R............ 2 tests <1b>[0;32mOK<1b>[0m
     Running test-detect-file.R............ 3 tests <1b>[0;32mOK<1b>[0m
     Running test-detect-file.R............ 4 tests <1b>[0;32mOK<1b>[0m
     Running test-detect-file.R............ 5 tests <1b>[0;32mOK<1b>[0m
     Running test-detect-file.R............ 6 tests <1b>[0;32mOK<1b>[0m
     Running test-detect-file.R............ 7 tests <1b>[0;32mOK<1b>[0m
     Running test-detect-file.R............ 8 tests <1b>[0;32mOK<1b>[0m
     Running test-detect-file.R............ 8 tests <1b>[0;32mOK<1b>[0m
     Running test-detect-file.R............ 8 tests <1b>[0;32mOK<1b>[0m
     Running test-detect-file.R............ 8 tests <1b>[0;32mOK<1b>[0m
     Running test-detect-file.R............ 9 tests <1b>[0;32mOK<1b>[0m
     Running test-detect-file.R............ 9 tests <1b>[0;32mOK<1b>[0m
     Running test-detect-file.R............ 9 tests <1b>[0;32mOK<1b>[0m
     Running test-detect-file.R............ 9 tests <1b>[0;32mOK<1b>[0m
     Running test-detect-file.R............ 10 tests <1b>[0;32mOK<1b>[0m
     Running test-detect-file.R............ 11 tests <1b>[0;32mOK<1b>[0m
     Running test-detect-file.R............ 12 tests <1b>[0;32mOK<1b>[0m
     Running test-detect-file.R............ 13 tests <1b>[0;31m1 fails<1b>[0m
    
     Running test-detect-raw.R............. 0 tests
     Running test-detect-raw.R............. 1 tests <1b>[0;32mOK<1b>[0m
     Running test-detect-raw.R............. 2 tests <1b>[0;32mOK<1b>[0m
     Running test-detect-raw.R............. 3 tests <1b>[0;32mOK<1b>[0m
     Running test-detect-raw.R............. 4 tests <1b>[0;32mOK<1b>[0m
     Running test-detect-raw.R............. 5 tests <1b>[0;32mOK<1b>[0m
     Running test-detect-raw.R............. 6 tests <1b>[0;32mOK<1b>[0m
     Running test-detect-raw.R............. 7 tests <1b>[0;32mOK<1b>[0m
     Running test-detect-raw.R............. 8 tests <1b>[0;32mOK<1b>[0m
     Running test-detect-raw.R............. 9 tests <1b>[0;32mOK<1b>[0m
     Running test-detect-raw.R............. 9 tests <1b>[0;32mOK<1b>[0m
     Running test-detect-raw.R............. 10 tests <1b>[0;32mOK<1b>[0m
     Running test-detect-raw.R............. 10 tests <1b>[0;32mOK<1b>[0m
     Running test-detect-raw.R............. 11 tests <1b>[0;32mOK<1b>[0m
     Running test-detect-raw.R............. 11 tests <1b>[0;32mOK<1b>[0m
     Running test-detect-raw.R............. 12 tests <1b>[0;32mOK<1b>[0m
     Running test-detect-raw.R............. 12 tests <1b>[0;32mOK<1b>[0m
     Running test-detect-raw.R............. 128 tests <1b>[0;31m3 fails<1b>[0m
    
     Running test-detect-str.R............. 0 tests
     Running test-detect-str.R............. 1 tests <1b>[0;32mOK<1b>[0m
     Running test-detect-str.R............. 2 tests <1b>[0;32mOK<1b>[0m
     Running test-detect-str.R............. 3 tests <1b>[0;32mOK<1b>[0m
     Running test-detect-str.R............. 4 tests <1b>[0;32mOK<1b>[0m
     Running test-detect-str.R............. 5 tests <1b>[0;32mOK<1b>[0m
     Running test-detect-str.R............. 5 tests <1b>[0;32mOK<1b>[0m
     Running test-detect-str.R............. 6 tests <1b>[0;32mOK<1b>[0m
     Running test-detect-str.R............. 7 tests <1b>[0;32mOK<1b>[0m
     Running test-detect-str.R............. 8 tests <1b>[0;32mOK<1b>[0m
     Running test-detect-str.R............. 8 tests <1b>[0;32mOK<1b>[0m
     Running test-detect-str.R............. 9 tests <1b>[0;32mOK<1b>[0m
     Running test-detect-str.R............. 9 tests <1b>[0;32mOK<1b>[0m
     Running test-detect-str.R............. 10 tests <1b>[0;32mOK<1b>[0m
     Running test-detect-str.R............. 10 tests <1b>[0;32mOK<1b>[0m
     Running test-detect-str.R............. 57 tests <1b>[0;31m2 fails<1b>[0m
     Error: ----- FAILED[data]: test-detect-file.R<27--27>
     call| expect_equivalent(res, ex_encs)
     diff| 3 string mismatches
     ----- FAILED[data]: test-detect-raw.R<27--29>
     call| for (i in seq_along(ex_files)) {
     call| expect_equal(detect_raw_enc(read_bin(ex_files[i])), ex_encs[i])
     call| }
     diff| Expected 'ISO-8859-1', got 'WINDOWS-1252'
     ----- FAILED[data]: test-detect-raw.R<27--29>
     call| for (i in seq_along(ex_files)) {
     call| expect_equal(detect_raw_enc(read_bin(ex_files[i])), ex_encs[i])
     call| }
     diff| Expected 'ISO-8859-1', got 'WINDOWS-1252'
     ----- FAILED[data]: test-detect-raw.R<27--29>
     call| for (i in seq_along(ex_files)) {
     call| expect_equal(detect_raw_enc(read_bin(ex_files[i])), ex_encs[i])
     call| }
     diff| Expected 'TIS-620', got 'ISO-8859-11'
     ----- FAILED[data]: test-detect-str.R<25--28>
     call| expect_equal(current = detect_str_enc(read_utf8(ex_files[i])),
     call| target = ex_encs[i])
     diff| Expected 'ISO-8859-1', got 'WINDOWS-1252'
     ----- FAILED[data]: test-detect-str.R<25--28
     In addition: Warning messages:
     1: In detect_file_enc("") : Can not open file ''.
     2: In detect_file_enc("no-exists") : Can not open file 'no-exists'.
     Execution halted
Flavor: r-oldrel-windows-ix86+x86_64