Last updated on 2022-06-27 15:53:57 CEST.
Flavor | Version | Tinstall | Tcheck | Ttotal | Status | Flags |
---|---|---|---|---|---|---|
r-devel-linux-x86_64-debian-clang | 0.2.0 | 26.53 | 179.53 | 206.06 | OK | |
r-devel-linux-x86_64-debian-gcc | 0.2.0 | 20.44 | 130.92 | 151.36 | OK | |
r-devel-linux-x86_64-fedora-clang | 0.2.0 | 249.01 | NOTE | |||
r-devel-linux-x86_64-fedora-gcc | 0.2.0 | 269.05 | OK | |||
r-devel-windows-x86_64 | 0.2.0 | 72.00 | 198.00 | 270.00 | OK | |
r-patched-linux-x86_64 | 0.2.0 | 28.57 | 167.89 | 196.46 | OK | |
r-release-linux-x86_64 | 0.2.0 | 21.57 | 168.35 | 189.92 | OK | |
r-release-macos-arm64 | 0.2.0 | 59.00 | OK | |||
r-release-macos-x86_64 | 0.2.0 | 109.00 | OK | |||
r-release-windows-x86_64 | 0.2.0 | 85.00 | 188.00 | 273.00 | OK | |
r-oldrel-macos-arm64 | 0.2.0 | 62.00 | OK | |||
r-oldrel-macos-x86_64 | 0.2.0 | 84.00 | OK | |||
r-oldrel-windows-ix86+x86_64 | 0.2.0 | 51.00 | 193.00 | 244.00 | OK |
Version: 0.2.0
Check: package dependencies
Result: NOTE
Imports includes 21 non-default packages.
Importing from so many packages makes the package vulnerable to any of
them becoming unavailable. Move as many as possible to Suggests and
use conditionally.
Flavor: r-devel-linux-x86_64-fedora-clang