CRAN Package Check Results for Package tsoutliers

Last updated on 2022-08-16 04:53:52 CEST.

Flavor Version Tinstall Tcheck Ttotal Status Flags
r-devel-linux-x86_64-debian-clang 0.6-8 8.29 98.63 106.92 OK
r-devel-linux-x86_64-debian-gcc 0.6-8 6.38 73.98 80.36 OK
r-devel-linux-x86_64-fedora-clang 0.6-8 138.71 NOTE
r-devel-linux-x86_64-fedora-gcc 0.6-8 143.19 OK
r-devel-windows-x86_64 0.6-8 34.00 125.00 159.00 OK
r-patched-linux-x86_64 0.6-8 9.29 93.04 102.33 OK
r-release-linux-x86_64 0.6-8 9.09 92.76 101.85 OK
r-release-macos-arm64 0.6-8 38.00 OK
r-release-macos-x86_64 0.6-8 75.00 OK
r-release-windows-x86_64 0.6-8 30.00 122.00 152.00 OK
r-oldrel-macos-arm64 0.6-8 48.00 OK
r-oldrel-macos-x86_64 0.6-8 77.00 OK
r-oldrel-windows-ix86+x86_64 0.6-8 22.00 120.00 142.00 OK

Check Details

Version: 0.6-8
Check: Rd cross-references
Result: NOTE
    Undeclared package ‘tseries’ in Rd xrefs
Flavor: r-devel-linux-x86_64-fedora-clang