CRAN Package Check Results for Package tsmp

Last updated on 2022-06-26 15:53:13 CEST.

Flavor Version Tinstall Tcheck Ttotal Status Flags
r-devel-linux-x86_64-debian-clang 0.4.14 53.58 117.61 171.19 NOTE
r-devel-linux-x86_64-debian-gcc 0.4.14 46.88 86.55 133.43 NOTE
r-devel-linux-x86_64-fedora-clang 0.4.14 233.47 NOTE
r-devel-linux-x86_64-fedora-gcc 0.4.14 220.94 NOTE
r-devel-windows-x86_64 0.4.14 88.00 169.00 257.00 NOTE
r-patched-linux-x86_64 0.4.14 49.35 111.92 161.27 NOTE
r-release-linux-x86_64 0.4.14 56.13 112.27 168.40 NOTE
r-release-macos-arm64 0.4.14 50.00 NOTE
r-release-macos-x86_64 0.4.14 78.00 NOTE
r-release-windows-x86_64 0.4.14 101.00 169.00 270.00 NOTE
r-oldrel-macos-arm64 0.4.14 67.00 NOTE
r-oldrel-macos-x86_64 0.4.14 101.00 NOTE
r-oldrel-windows-ix86+x86_64 0.4.14 121.00 193.00 314.00 NOTE

Additional issues

clang-UBSAN

Check Details

Version: 0.4.14
Check: for GNU extensions in Makefiles
Result: NOTE
    GNU make is a SystemRequirements.
Flavors: r-devel-linux-x86_64-debian-clang, r-devel-linux-x86_64-debian-gcc, r-devel-linux-x86_64-fedora-clang, r-devel-linux-x86_64-fedora-gcc, r-devel-windows-x86_64, r-patched-linux-x86_64, r-release-linux-x86_64, r-release-macos-arm64, r-release-macos-x86_64, r-release-windows-x86_64, r-oldrel-macos-arm64, r-oldrel-macos-x86_64, r-oldrel-windows-ix86+x86_64

Version: 0.4.14
Check: installed package size
Result: NOTE
     installed size is 7.8Mb
     sub-directories of 1Mb or more:
     data 4.6Mb
     libs 1.9Mb
Flavors: r-devel-linux-x86_64-fedora-clang, r-devel-windows-x86_64, r-release-macos-arm64, r-release-macos-x86_64, r-release-windows-x86_64, r-oldrel-macos-arm64, r-oldrel-macos-x86_64, r-oldrel-windows-ix86+x86_64