CRAN Package Check Results for Package tsibble

Last updated on 2020-08-09 15:48:01 CEST.

Flavor Version Tinstall Tcheck Ttotal Status Flags
r-devel-linux-x86_64-debian-clang 0.9.2 14.07 145.79 159.86 OK
r-devel-linux-x86_64-debian-gcc 0.9.2 11.93 106.96 118.89 OK
r-devel-linux-x86_64-fedora-clang 0.9.2 184.72 ERROR
r-devel-linux-x86_64-fedora-gcc 0.9.2 186.34 OK
r-devel-windows-ix86+x86_64 0.9.2 25.00 215.00 240.00 OK
r-patched-linux-x86_64 0.9.2 12.61 138.33 150.94 OK
r-patched-solaris-x86 0.9.2 210.80 ERROR
r-release-linux-x86_64 0.9.2 14.66 138.14 152.80 OK
r-release-macos-x86_64 0.9.2 OK
r-release-windows-ix86+x86_64 0.9.2 37.00 216.00 253.00 OK
r-oldrel-macos-x86_64 0.9.2 OK
r-oldrel-windows-ix86+x86_64 0.9.2 21.00 158.00 179.00 OK

Check Details

Version: 0.9.2
Check: package dependencies
Result: NOTE
    Package suggested but not available for checking: ‘nanotime’
Flavors: r-devel-linux-x86_64-fedora-clang, r-patched-solaris-x86

Version: 0.9.2
Check: tests
Result: ERROR
     Running ‘spelling.R’
     Running ‘testthat.R’ [38s/45s]
    Running the tests in ‘tests/testthat.R’ failed.
    Complete output:
     > library(rlang)
     > library(tibble)
     > library(lubridate)
    
     Attaching package: 'lubridate'
    
     The following objects are masked from 'package:base':
    
     date, intersect, setdiff, union
    
     > library(testthat)
    
     Attaching package: 'testthat'
    
     The following objects are masked from 'package:rlang':
    
     is_false, is_null, is_true
    
     > library(tsibble)
    
     Attaching package: 'tsibble'
    
     The following object is masked from 'package:lubridate':
    
     interval
    
     >
     > set.seed(2018)
     > test_check("tsibble")
     ── 1. Error: seq_generator() (@test-gaps.R#203) ───────────────────────────────
     there is no package called 'nanotime'
     Backtrace:
     1. nanotime::nanotime
     2. base::getExportedValue(pkg, name)
     3. base::asNamespace(ns)
     4. base::getNamespace(ns)
     5. base::loadNamespace(name)
     6. base::withRestarts(stop(cond), retry_loadNamespace = function() NULL)
     7. base:::withOneRestart(expr, restarts[[1L]])
     8. base:::doWithOneRestart(return(expr), restart)
    
     ── 2. Error: (unknown) (@test-tsibble.R#89) ───────────────────────────────────
     there is no package called 'nanotime'
     Backtrace:
     1. base::library(nanotime)
    
     ══ testthat results ═══════════════════════════════════════════════════════════
     [ OK: 630 | SKIPPED: 2 | WARNINGS: 15 | FAILED: 2 ]
     1. Error: seq_generator() (@test-gaps.R#203)
     2. Error: (unknown) (@test-tsibble.R#89)
    
     Error: testthat unit tests failed
     Execution halted
Flavor: r-devel-linux-x86_64-fedora-clang

Version: 0.9.2
Check: tests
Result: ERROR
     Running ‘spelling.R’
     Running ‘testthat.R’ [44s/44s]
    Running the tests in ‘tests/testthat.R’ failed.
    Complete output:
     > library(rlang)
     > library(tibble)
     > library(lubridate)
    
     Attaching package: 'lubridate'
    
     The following objects are masked from 'package:base':
    
     date, intersect, setdiff, union
    
     > library(testthat)
    
     Attaching package: 'testthat'
    
     The following objects are masked from 'package:rlang':
    
     is_false, is_null, is_true
    
     > library(tsibble)
    
     Attaching package: 'tsibble'
    
     The following object is masked from 'package:lubridate':
    
     interval
    
     >
     > set.seed(2018)
     > test_check("tsibble")
     ── 1. Error: seq_generator() (@test-gaps.R#203) ───────────────────────────────
     there is no package called 'nanotime'
     Backtrace:
     1. nanotime::nanotime
     2. base::getExportedValue(pkg, name)
     3. base::asNamespace(ns)
     4. base::getNamespace(ns)
     5. base::loadNamespace(name)
     6. base::withRestarts(stop(cond), retry_loadNamespace = function() NULL)
     7. base:::withOneRestart(expr, restarts[[1L]])
     8. base:::doWithOneRestart(return(expr), restart)
    
     ── 2. Error: (unknown) (@test-tsibble.R#89) ───────────────────────────────────
     there is no package called 'nanotime'
     Backtrace:
     1. base::library(nanotime)
    
     ══ testthat results ═══════════════════════════════════════════════════════════
     [ OK: 630 | SKIPPED: 2 | WARNINGS: 0 | FAILED: 2 ]
     1. Error: seq_generator() (@test-gaps.R#203)
     2. Error: (unknown) (@test-tsibble.R#89)
    
     Error: testthat unit tests failed
     Execution halted
Flavor: r-patched-solaris-x86