Last updated on 2022-08-17 15:50:08 CEST.
Flavor | Version | Tinstall | Tcheck | Ttotal | Status | Flags |
---|---|---|---|---|---|---|
r-devel-linux-x86_64-debian-clang | 1.3.0 | 10.44 | 132.00 | 142.44 | NOTE | |
r-devel-linux-x86_64-debian-gcc | 1.3.0 | NOTE | ||||
r-devel-linux-x86_64-fedora-clang | 1.3.0 | 178.52 | NOTE | |||
r-devel-linux-x86_64-fedora-gcc | 1.3.0 | 157.82 | NOTE | |||
r-devel-windows-x86_64 | 1.3.0 | 17.00 | 169.00 | 186.00 | NOTE | |
r-patched-linux-x86_64 | 1.3.0 | 11.87 | 122.49 | 134.36 | NOTE | |
r-release-linux-x86_64 | 1.3.0 | 7.39 | 121.74 | 129.13 | NOTE | |
r-release-macos-arm64 | 1.3.0 | 46.00 | NOTE | |||
r-release-macos-x86_64 | 1.3.0 | 86.00 | NOTE | |||
r-release-windows-x86_64 | 1.3.0 | 20.00 | 174.00 | 194.00 | NOTE | |
r-oldrel-macos-arm64 | 1.3.0 | 48.00 | NOTE | |||
r-oldrel-macos-x86_64 | 1.3.0 | 91.00 | NOTE | |||
r-oldrel-windows-ix86+x86_64 | 1.3.0 | 26.00 | 146.00 | 172.00 | NOTE |
Version: 1.3.0
Check: LazyData
Result: NOTE
'LazyData' is specified without a 'data' directory
Flavors: r-devel-linux-x86_64-debian-clang, r-devel-linux-x86_64-debian-gcc, r-devel-linux-x86_64-fedora-clang, r-devel-linux-x86_64-fedora-gcc, r-devel-windows-x86_64, r-patched-linux-x86_64, r-release-linux-x86_64, r-release-macos-arm64, r-release-macos-x86_64, r-release-windows-x86_64, r-oldrel-macos-arm64, r-oldrel-macos-x86_64, r-oldrel-windows-ix86+x86_64