Last updated on 2022-06-26 03:50:15 CEST.
Flavor | Version | Tinstall | Tcheck | Ttotal | Status | Flags |
---|---|---|---|---|---|---|
r-devel-linux-x86_64-debian-clang | 1.3-9.1 | 7.70 | 37.32 | 45.02 | OK | |
r-devel-linux-x86_64-debian-gcc | 1.3-9.1 | 6.71 | 28.58 | 35.29 | OK | |
r-devel-linux-x86_64-fedora-clang | 1.3-9.1 | 64.98 | NOTE | |||
r-devel-linux-x86_64-fedora-gcc | 1.3-9.1 | 63.69 | OK | |||
r-devel-windows-x86_64 | 1.3-9.1 | 35.00 | 62.00 | 97.00 | OK | |
r-patched-linux-x86_64 | 1.3-9.1 | 8.29 | 35.13 | 43.42 | OK | |
r-release-linux-x86_64 | 1.3-9.1 | 7.35 | 35.01 | 42.36 | OK | |
r-release-macos-arm64 | 1.3-9.1 | 25.00 | OK | |||
r-release-macos-x86_64 | 1.3-9.1 | 32.00 | OK | |||
r-release-windows-x86_64 | 1.3-9.1 | 20.00 | 60.00 | 80.00 | OK | |
r-oldrel-macos-arm64 | 1.3-9.1 | 30.00 | OK | |||
r-oldrel-macos-x86_64 | 1.3-9.1 | 44.00 | OK | |||
r-oldrel-windows-ix86+x86_64 | 1.3-9.1 | 22.00 | 51.00 | 73.00 | OK |
Version: 1.3-9.1
Check: Rd cross-references
Result: NOTE
Undeclared package ‘akima’ in Rd xrefs
Flavor: r-devel-linux-x86_64-fedora-clang