Last updated on 2023-01-29 03:55:29 CET.
Flavor | Version | Tinstall | Tcheck | Ttotal | Status | Flags |
---|---|---|---|---|---|---|
r-devel-linux-x86_64-debian-clang | 0.1.8 | 5.17 | 51.94 | 57.11 | NOTE | |
r-devel-linux-x86_64-debian-gcc | 0.1.8 | 4.22 | 37.74 | 41.96 | NOTE | |
r-devel-linux-x86_64-fedora-clang | 0.1.8 | 71.17 | NOTE | |||
r-devel-linux-x86_64-fedora-gcc | 0.1.8 | 85.08 | NOTE | |||
r-patched-linux-x86_64 | 0.1.8 | 5.03 | 48.76 | 53.79 | NOTE | |
r-release-linux-x86_64 | 0.1.8 | 5.06 | 53.18 | 58.24 | NOTE | |
r-release-macos-arm64 | 0.1.8 | 24.00 | NOTE | |||
r-release-macos-x86_64 | 0.1.8 | 46.00 | NOTE | |||
r-release-windows-x86_64 | 0.1.8 | 20.00 | 84.00 | 104.00 | NOTE | |
r-oldrel-macos-arm64 | 0.1.8 | 30.00 | NOTE | |||
r-oldrel-macos-x86_64 | 0.1.8 | 39.00 | NOTE | |||
r-oldrel-windows-ix86+x86_64 | 0.1.8 | 14.00 | 84.00 | 98.00 | NOTE |
Version: 0.1.8
Check: LazyData
Result: NOTE
'LazyData' is specified without a 'data' directory
Flavors: r-devel-linux-x86_64-debian-clang, r-devel-linux-x86_64-debian-gcc, r-devel-linux-x86_64-fedora-clang, r-devel-linux-x86_64-fedora-gcc, r-patched-linux-x86_64, r-release-linux-x86_64, r-release-macos-arm64, r-release-macos-x86_64, r-release-windows-x86_64, r-oldrel-macos-arm64, r-oldrel-macos-x86_64, r-oldrel-windows-ix86+x86_64