Last updated on 2023-10-01 05:05:56 CEST.
Flavor | Version | Tinstall | Tcheck | Ttotal | Status | Flags |
---|---|---|---|---|---|---|
r-devel-linux-x86_64-debian-clang | 0.1.6 | 1012.25 | 635.57 | 1647.82 | NOTE | |
r-devel-linux-x86_64-debian-gcc | 0.1.6 | 878.85 | 542.38 | 1421.23 | NOTE | |
r-devel-linux-x86_64-fedora-clang | 0.1.6 | 2078.64 | NOTE | |||
r-devel-linux-x86_64-fedora-gcc | 0.1.6 | 1944.63 | NOTE | |||
r-devel-windows-x86_64 | 0.1.6 | 784.00 | 596.00 | 1380.00 | NOTE | |
r-patched-linux-x86_64 | 0.1.6 | 0.02 | 3.78 | 3.80 | ERROR | |
r-release-linux-x86_64 | 0.1.6 | 839.99 | 712.00 | 1551.99 | NOTE | |
r-release-macos-arm64 | 0.1.6 | 579.00 | NOTE | |||
r-release-macos-x86_64 | 0.1.6 | 947.00 | NOTE | |||
r-release-windows-x86_64 | 0.1.6 | 1023.00 | 737.00 | 1760.00 | NOTE | |
r-oldrel-macos-arm64 | 0.1.6 | 354.00 | NOTE | |||
r-oldrel-macos-x86_64 | 0.1.6 | 659.00 | NOTE | |||
r-oldrel-windows-x86_64 | 0.1.6 | 980.00 | 705.00 | 1685.00 | NOTE |
Version: 0.1.6
Check: for GNU extensions in Makefiles
Result: NOTE
GNU make is a SystemRequirements.
Flavors: r-devel-linux-x86_64-debian-clang, r-devel-linux-x86_64-debian-gcc, r-devel-linux-x86_64-fedora-clang, r-devel-linux-x86_64-fedora-gcc, r-devel-windows-x86_64, r-release-linux-x86_64, r-release-macos-arm64, r-release-macos-x86_64, r-release-windows-x86_64, r-oldrel-macos-arm64, r-oldrel-macos-x86_64, r-oldrel-windows-x86_64
Version: 0.1.6
Check: installed package size
Result: NOTE
installed size is 14.5Mb
sub-directories of 1Mb or more:
doc 3.9Mb
libs 9.5Mb
Flavors: r-devel-linux-x86_64-fedora-clang, r-devel-windows-x86_64, r-release-macos-arm64, r-release-macos-x86_64, r-release-windows-x86_64, r-oldrel-macos-arm64, r-oldrel-macos-x86_64, r-oldrel-windows-x86_64
Version: 0.1.6
Check: whether package can be installed
Result: ERROR
Installation failed.
Flavor: r-patched-linux-x86_64