CRAN Package Check Results for Package trialr

Last updated on 2022-09-25 03:54:44 CEST.

Flavor Version Tinstall Tcheck Ttotal Status Flags
r-devel-linux-x86_64-debian-clang 0.1.5 898.26 449.36 1347.62 NOTE
r-devel-linux-x86_64-debian-gcc 0.1.5 923.93 368.88 1292.81 NOTE
r-devel-linux-x86_64-fedora-clang 0.1.5 1669.02 NOTE
r-devel-linux-x86_64-fedora-gcc 0.1.5 2154.84 NOTE
r-devel-windows-x86_64 0.1.5 1424.00 656.00 2080.00 NOTE
r-patched-linux-x86_64 0.1.5 686.35 495.74 1182.09 NOTE
r-release-linux-x86_64 0.1.5 675.21 497.82 1173.03 NOTE
r-release-macos-arm64 0.1.5 488.00 NOTE
r-release-macos-x86_64 0.1.5 765.00 NOTE
r-release-windows-x86_64 0.1.5 685.00 645.00 1330.00 NOTE
r-oldrel-macos-arm64 0.1.5 737.00 NOTE
r-oldrel-macos-x86_64 0.1.5 747.00 NOTE
r-oldrel-windows-ix86+x86_64 0.1.5 46.00 18.00 64.00 ERROR

Check Details

Version: 0.1.5
Check: LazyData
Result: NOTE
     'LazyData' is specified without a 'data' directory
Flavors: r-devel-linux-x86_64-debian-clang, r-devel-linux-x86_64-debian-gcc, r-devel-linux-x86_64-fedora-clang, r-devel-linux-x86_64-fedora-gcc, r-devel-windows-x86_64, r-patched-linux-x86_64, r-release-linux-x86_64, r-release-macos-arm64, r-release-macos-x86_64, r-release-windows-x86_64, r-oldrel-macos-arm64, r-oldrel-macos-x86_64

Version: 0.1.5
Check: for GNU extensions in Makefiles
Result: NOTE
    GNU make is a SystemRequirements.
Flavors: r-devel-linux-x86_64-debian-clang, r-devel-linux-x86_64-debian-gcc, r-devel-linux-x86_64-fedora-clang, r-devel-linux-x86_64-fedora-gcc, r-devel-windows-x86_64, r-patched-linux-x86_64, r-release-linux-x86_64, r-release-macos-arm64, r-release-macos-x86_64, r-release-windows-x86_64, r-oldrel-macos-arm64, r-oldrel-macos-x86_64

Version: 0.1.5
Check: installed package size
Result: NOTE
     installed size is 14.0Mb
     sub-directories of 1Mb or more:
     doc 3.8Mb
     libs 9.1Mb
Flavors: r-devel-linux-x86_64-fedora-clang, r-devel-windows-x86_64, r-release-macos-arm64, r-release-macos-x86_64, r-release-windows-x86_64, r-oldrel-macos-arm64, r-oldrel-macos-x86_64

Version: 0.1.5
Check: whether package can be installed
Result: ERROR
    Installation failed.
Flavor: r-oldrel-windows-ix86+x86_64