CRAN Package Check Results for Package treenomial

Last updated on 2020-09-27 03:46:46 CEST.

Flavor Version Tinstall Tcheck Ttotal Status Flags
r-devel-linux-x86_64-debian-clang 1.1.2 86.44 38.14 124.58 OK
r-devel-linux-x86_64-debian-gcc 1.1.2 66.64 29.61 96.25 OK
r-devel-linux-x86_64-fedora-clang 1.1.2 223.40 NOTE
r-devel-linux-x86_64-fedora-gcc 1.1.2 171.61 OK
r-devel-windows-ix86+x86_64 1.1.2 206.00 93.00 299.00 OK
r-patched-linux-x86_64 1.1.2 71.78 36.95 108.73 OK
r-patched-solaris-x86 1.1.2 164.40 OK
r-release-linux-x86_64 1.1.2 66.18 36.59 102.77 OK
r-release-macos-x86_64 1.1.2 NOTE
r-release-windows-ix86+x86_64 1.1.2 202.00 99.00 301.00 OK
r-oldrel-macos-x86_64 1.1.2 NOTE
r-oldrel-windows-ix86+x86_64 1.1.2 181.00 87.00 268.00 OK

Check Details

Version: 1.1.2
Check: installed package size
Result: NOTE
     installed size is 6.3Mb
     sub-directories of 1Mb or more:
     libs 6.1Mb
Flavors: r-devel-linux-x86_64-fedora-clang, r-release-macos-x86_64, r-oldrel-macos-x86_64