Last updated on 2023-01-28 15:50:42 CET.
Flavor | Version | Tinstall | Tcheck | Ttotal | Status | Flags |
---|---|---|---|---|---|---|
r-devel-linux-x86_64-debian-clang | 0.0.1 | 4.20 | 61.28 | 65.48 | NOTE | |
r-devel-linux-x86_64-debian-gcc | 0.0.1 | 2.58 | 45.80 | 48.38 | NOTE | |
r-devel-linux-x86_64-fedora-clang | 0.0.1 | 80.80 | NOTE | |||
r-devel-linux-x86_64-fedora-gcc | 0.0.1 | 91.50 | NOTE | |||
r-patched-linux-x86_64 | 0.0.1 | 3.31 | 58.27 | 61.58 | NOTE | |
r-release-linux-x86_64 | 0.0.1 | 3.05 | 59.10 | 62.15 | NOTE | |
r-release-macos-arm64 | 0.0.1 | 29.00 | NOTE | |||
r-release-macos-x86_64 | 0.0.1 | 38.00 | NOTE | |||
r-release-windows-x86_64 | 0.0.1 | 40.00 | 101.00 | 141.00 | NOTE | |
r-oldrel-macos-arm64 | 0.0.1 | 30.00 | NOTE | |||
r-oldrel-macos-x86_64 | 0.0.1 | 49.00 | NOTE | |||
r-oldrel-windows-ix86+x86_64 | 0.0.1 | 9.00 | 89.00 | 98.00 | NOTE |
Version: 0.0.1
Check: LazyData
Result: NOTE
'LazyData' is specified without a 'data' directory
Flavors: r-devel-linux-x86_64-debian-clang, r-devel-linux-x86_64-debian-gcc, r-devel-linux-x86_64-fedora-clang, r-devel-linux-x86_64-fedora-gcc, r-patched-linux-x86_64, r-release-linux-x86_64, r-release-macos-arm64, r-release-macos-x86_64, r-release-windows-x86_64, r-oldrel-macos-arm64, r-oldrel-macos-x86_64, r-oldrel-windows-ix86+x86_64