Last updated on 2022-05-16 03:53:45 CEST.
Flavor | Version | Tinstall | Tcheck | Ttotal | Status | Flags |
---|---|---|---|---|---|---|
r-devel-linux-x86_64-debian-clang | 0.12-2 | 97.89 | 88.62 | 186.51 | OK | |
r-devel-linux-x86_64-debian-gcc | 0.12-2 | 74.41 | 66.15 | 140.56 | OK | |
r-devel-linux-x86_64-fedora-clang | 0.12-2 | 265.24 | NOTE | |||
r-devel-linux-x86_64-fedora-gcc | 0.12-2 | 226.74 | OK | |||
r-devel-windows-x86_64 | 0.12-2 | 115.00 | 133.00 | 248.00 | OK | |
r-patched-linux-x86_64 | 0.12-2 | 76.25 | 82.39 | 158.64 | OK | |
r-release-linux-x86_64 | 0.12-2 | 76.11 | 81.58 | 157.69 | OK | |
r-release-macos-arm64 | 0.12-2 | 58.00 | NOTE | |||
r-release-macos-x86_64 | 0.12-2 | 77.00 | NOTE | |||
r-release-windows-x86_64 | 0.12-2 | 130.00 | 134.00 | 264.00 | OK | |
r-oldrel-macos-arm64 | 0.12-2 | 71.00 | NOTE | |||
r-oldrel-macos-x86_64 | 0.12-2 | 111.00 | NOTE | |||
r-oldrel-windows-ix86+x86_64 | 0.12-2 | 231.00 | 152.00 | 383.00 | OK |
Version: 0.12-2
Check: installed package size
Result: NOTE
installed size is 5.3Mb
sub-directories of 1Mb or more:
libs 4.7Mb
Flavors: r-devel-linux-x86_64-fedora-clang, r-release-macos-arm64, r-release-macos-x86_64, r-oldrel-macos-arm64, r-oldrel-macos-x86_64