CRAN Package Check Results for Package transport

Last updated on 2020-12-01 04:47:50 CET.

Flavor Version Tinstall Tcheck Ttotal Status Flags
r-devel-linux-x86_64-debian-clang 0.12-2 123.90 77.69 201.59 OK
r-devel-linux-x86_64-debian-gcc 0.12-2 61.07 60.92 121.99 OK
r-devel-linux-x86_64-fedora-clang 0.12-2 241.71 NOTE
r-devel-linux-x86_64-fedora-gcc 0.12-2 199.99 OK
r-devel-windows-ix86+x86_64 0.12-2 220.00 121.00 341.00 OK
r-patched-linux-x86_64 0.12-2 168.22 77.92 246.14 OK
r-patched-solaris-x86 0.12-2 216.70 OK
r-release-linux-x86_64 0.12-2 167.70 71.92 239.62 OK
r-release-macos-x86_64 0.12-2 NOTE
r-release-windows-ix86+x86_64 0.12-2 219.00 115.00 334.00 OK
r-oldrel-macos-x86_64 0.12-2 NOTE
r-oldrel-windows-ix86+x86_64 0.12-2 165.00 142.00 307.00 OK

Check Details

Version: 0.12-2
Check: installed package size
Result: NOTE
     installed size is 6.5Mb
     sub-directories of 1Mb or more:
     libs 5.9Mb
Flavors: r-devel-linux-x86_64-fedora-clang, r-release-macos-x86_64, r-oldrel-macos-x86_64