CRAN Package Check Results for Package transmdl

Last updated on 2022-07-06 15:49:12 CEST.

Flavor Version Tinstall Tcheck Ttotal Status Flags
r-devel-linux-x86_64-debian-clang 0.1.0 48.65 38.55 87.20 OK
r-devel-linux-x86_64-debian-gcc 0.1.0 39.48 30.28 69.76 OK
r-devel-linux-x86_64-fedora-clang 0.1.0 137.86 NOTE
r-devel-linux-x86_64-fedora-gcc 0.1.0 121.53 OK
r-devel-windows-x86_64 0.1.0 42.00 82.00 124.00 OK
r-patched-linux-x86_64 0.1.0 43.70 38.02 81.72 OK
r-release-linux-x86_64 0.1.0 43.62 38.24 81.86 OK
r-release-macos-arm64 0.1.0 36.00 NOTE
r-release-macos-x86_64 0.1.0 46.00 NOTE
r-release-windows-x86_64 0.1.0 44.00 86.00 130.00 OK
r-oldrel-macos-arm64 0.1.0 37.00 NOTE
r-oldrel-macos-x86_64 0.1.0 44.00 NOTE
r-oldrel-windows-ix86+x86_64 0.1.0 124.00 90.00 214.00 OK

Check Details

Version: 0.1.0
Check: installed package size
Result: NOTE
     installed size is 7.0Mb
     sub-directories of 1Mb or more:
     libs 6.9Mb
Flavors: r-devel-linux-x86_64-fedora-clang, r-release-macos-arm64, r-release-macos-x86_64, r-oldrel-macos-arm64, r-oldrel-macos-x86_64