CRAN Package Check Results for Package tramME

Last updated on 2022-01-19 04:48:40 CET.

Flavor Version Tinstall Tcheck Ttotal Status Flags
r-devel-linux-x86_64-debian-clang 0.1.2 125.24 381.64 506.88 OK
r-devel-linux-x86_64-debian-gcc 0.1.2 105.83 310.48 416.31 OK
r-devel-linux-x86_64-fedora-clang 0.1.2 642.14 NOTE
r-devel-linux-x86_64-fedora-gcc 0.1.2 654.35 OK
r-devel-windows-x86_64-new-UL 0.1.2 137.00 503.00 640.00 NOTE
r-devel-windows-x86_64-new-TK 0.1.2 OK
r-patched-linux-x86_64 0.1.2 110.68 381.44 492.12 OK
r-release-linux-x86_64 0.1.2 OK
r-release-macos-arm64 0.1.2 NOTE
r-release-macos-x86_64 0.1.2 NOTE
r-release-windows-ix86+x86_64 0.1.2 227.00 585.00 812.00 NOTE
r-oldrel-macos-x86_64 0.1.2 NOTE
r-oldrel-windows-ix86+x86_64 0.1.2 226.00 598.00 824.00 NOTE

Check Details

Version: 0.1.2
Check: installed package size
Result: NOTE
     installed size is 31.6Mb
     sub-directories of 1Mb or more:
     libs 29.6Mb
Flavors: r-devel-linux-x86_64-fedora-clang, r-devel-windows-x86_64-new-UL, r-release-macos-arm64, r-release-macos-x86_64, r-release-windows-ix86+x86_64, r-oldrel-macos-x86_64, r-oldrel-windows-ix86+x86_64