Last updated on 2023-02-05 03:54:03 CET.
Flavor | Version | Tinstall | Tcheck | Ttotal | Status | Flags |
---|---|---|---|---|---|---|
r-devel-linux-x86_64-debian-clang | 0.1.1 | 10.91 | 112.13 | 123.04 | OK | |
r-devel-linux-x86_64-debian-gcc | 0.1.1 | 8.71 | 79.82 | 88.53 | OK | |
r-devel-linux-x86_64-fedora-clang | 0.1.1 | 148.50 | NOTE | |||
r-devel-linux-x86_64-fedora-gcc | 0.1.1 | 151.90 | NOTE | |||
r-devel-windows-x86_64 | 0.1.1 | 29.00 | 132.00 | 161.00 | OK | |
r-patched-linux-x86_64 | 0.1.1 | 15.18 | 104.77 | 119.95 | OK | |
r-release-linux-x86_64 | 0.1.1 | 8.76 | 101.73 | 110.49 | OK | |
r-release-macos-arm64 | 0.1.1 | 47.00 | NOTE | |||
r-release-macos-x86_64 | 0.1.1 | 72.00 | NOTE | |||
r-release-windows-x86_64 | 0.1.1 | 25.00 | 141.00 | 166.00 | OK | |
r-oldrel-macos-arm64 | 0.1.1 | 65.00 | NOTE | |||
r-oldrel-macos-x86_64 | 0.1.1 | 81.00 | NOTE | |||
r-oldrel-windows-ix86+x86_64 | 0.1.1 | 27.00 | 124.00 | 151.00 | OK |
Version: 0.1.1
Check: dependencies in R code
Result: NOTE
Namespaces in Imports field not imported from:
‘ggplot2’ ‘jpeg’ ‘pastecs’ ‘plyr’ ‘raster’
All declared Imports should be used.
Flavors: r-devel-linux-x86_64-fedora-clang, r-devel-linux-x86_64-fedora-gcc, r-release-macos-arm64, r-release-macos-x86_64, r-oldrel-macos-arm64, r-oldrel-macos-x86_64