CRAN Package Check Results for Package tpfp

Last updated on 2022-07-06 03:52:28 CEST.

Flavor Version Tinstall Tcheck Ttotal Status Flags
r-devel-linux-x86_64-debian-clang 0.0.1 2.12 29.05 31.17 OK
r-devel-linux-x86_64-debian-gcc 0.0.1 2.01 23.15 25.16 OK
r-devel-linux-x86_64-fedora-clang 0.0.1 49.33 NOTE
r-devel-linux-x86_64-fedora-gcc 0.0.1 48.95 NOTE
r-devel-windows-x86_64 0.0.1 7.00 57.00 64.00 OK
r-patched-linux-x86_64 0.0.1 2.44 29.04 31.48 OK
r-release-linux-x86_64 0.0.1 2.42 29.41 31.83 OK
r-release-macos-arm64 0.0.1 24.00 NOTE
r-release-macos-x86_64 0.0.1 32.00 NOTE
r-release-windows-x86_64 0.0.1 9.00 59.00 68.00 OK
r-oldrel-macos-arm64 0.0.1 24.00 NOTE
r-oldrel-macos-x86_64 0.0.1 29.00 NOTE
r-oldrel-windows-ix86+x86_64 0.0.1 7.00 49.00 56.00 OK

Check Details

Version: 0.0.1
Check: dependencies in R code
Result: NOTE
    Namespace in Imports field not imported from: ‘knitr’
     All declared Imports should be used.
Flavors: r-devel-linux-x86_64-fedora-clang, r-devel-linux-x86_64-fedora-gcc, r-release-macos-arm64, r-release-macos-x86_64, r-oldrel-macos-arm64, r-oldrel-macos-x86_64