Last updated on 2021-01-18 03:48:40 CET.
Flavor | Version | Tinstall | Tcheck | Ttotal | Status | Flags |
---|---|---|---|---|---|---|
r-devel-linux-x86_64-debian-clang | 0.1.0 | 129.88 | 27.85 | 157.73 | OK | |
r-devel-linux-x86_64-debian-gcc | 0.1.0 | 88.26 | 22.70 | 110.96 | OK | |
r-devel-linux-x86_64-fedora-clang | 0.1.0 | 247.88 | NOTE | |||
r-devel-linux-x86_64-fedora-gcc | 0.1.0 | 206.73 | OK | |||
r-devel-windows-ix86+x86_64 | 0.1.0 | 228.00 | 72.00 | 300.00 | OK | |
r-patched-linux-x86_64 | 0.1.0 | 102.51 | 27.23 | 129.74 | OK | |
r-patched-solaris-x86 | 0.1.0 | 165.60 | OK | |||
r-release-linux-x86_64 | 0.1.0 | 103.21 | 27.27 | 130.48 | OK | |
r-release-macos-x86_64 | 0.1.0 | NOTE | ||||
r-release-windows-ix86+x86_64 | 0.1.0 | 222.00 | 68.00 | 290.00 | OK | |
r-oldrel-macos-x86_64 | 0.1.0 | NOTE | ||||
r-oldrel-windows-ix86+x86_64 | 0.1.0 | 240.00 | 88.00 | 328.00 | OK |
Version: 0.1.0
Check: installed package size
Result: NOTE
installed size is 6.5Mb
sub-directories of 1Mb or more:
libs 5.5Mb
Flavors: r-devel-linux-x86_64-fedora-clang, r-release-macos-x86_64, r-oldrel-macos-x86_64