CRAN Package Check Results for Package tokenizers.bpe

Last updated on 2020-10-26 03:48:37 CET.

Flavor Version Tinstall Tcheck Ttotal Status Flags
r-devel-linux-x86_64-debian-clang 0.1.0 126.40 27.07 153.47 OK
r-devel-linux-x86_64-debian-gcc 0.1.0 96.85 21.39 118.24 OK
r-devel-linux-x86_64-fedora-clang 0.1.0 239.76 NOTE
r-devel-linux-x86_64-fedora-gcc 0.1.0 211.65 OK
r-devel-windows-ix86+x86_64 0.1.0 275.00 78.00 353.00 OK
r-patched-linux-x86_64 0.1.0 123.51 25.95 149.46 OK
r-patched-solaris-x86 0.1.0 166.50 OK
r-release-linux-x86_64 0.1.0 114.15 25.98 140.13 OK
r-release-macos-x86_64 0.1.0 NOTE
r-release-windows-ix86+x86_64 0.1.0 205.00 61.00 266.00 OK
r-oldrel-macos-x86_64 0.1.0 NOTE
r-oldrel-windows-ix86+x86_64 0.1.0 243.00 60.00 303.00 OK

Check Details

Version: 0.1.0
Check: installed package size
Result: NOTE
     installed size is 6.5Mb
     sub-directories of 1Mb or more:
     libs 5.5Mb
Flavors: r-devel-linux-x86_64-fedora-clang, r-release-macos-x86_64, r-oldrel-macos-x86_64