Last updated on 2023-01-30 15:56:23 CET.
Flavor | Version | Tinstall | Tcheck | Ttotal | Status | Flags |
---|---|---|---|---|---|---|
r-devel-linux-x86_64-debian-clang | 0.50.11 | 12.44 | 151.70 | 164.14 | OK | |
r-devel-linux-x86_64-debian-gcc | 0.50.11 | 9.03 | 112.78 | 121.81 | OK | |
r-devel-linux-x86_64-fedora-clang | 0.50.11 | 198.33 | NOTE | |||
r-devel-linux-x86_64-fedora-gcc | 0.50.11 | 201.11 | NOTE | |||
r-devel-windows-x86_64 | 0.50.11 | 44.00 | 259.00 | 303.00 | OK | |
r-patched-linux-x86_64 | 0.50.11 | 11.49 | 143.69 | 155.18 | OK | |
r-release-linux-x86_64 | 0.50.11 | 10.65 | 144.10 | 154.75 | OK | |
r-release-macos-arm64 | 0.50.11 | 68.00 | NOTE | |||
r-release-macos-x86_64 | 0.50.11 | 87.00 | NOTE | |||
r-release-windows-x86_64 | 0.50.11 | 38.00 | 227.00 | 265.00 | OK | |
r-oldrel-macos-arm64 | 0.50.11 | 66.00 | NOTE | |||
r-oldrel-macos-x86_64 | 0.50.11 | 87.00 | NOTE | |||
r-oldrel-windows-ix86+x86_64 | 0.50.11 | 25.00 | 181.00 | 206.00 | OK |
Version: 0.50.11
Check: data for non-ASCII characters
Result: NOTE
Note: found 1 marked UTF-8 string
Flavors: r-devel-linux-x86_64-fedora-clang, r-devel-linux-x86_64-fedora-gcc, r-release-macos-arm64, r-release-macos-x86_64, r-oldrel-macos-arm64, r-oldrel-macos-x86_64