Last updated on 2022-07-03 03:50:09 CEST.
Flavor | Version | Tinstall | Tcheck | Ttotal | Status | Flags |
---|---|---|---|---|---|---|
r-devel-linux-x86_64-debian-clang | 1.0.4 | 109.41 | 134.15 | 243.56 | NOTE | |
r-devel-linux-x86_64-debian-gcc | 1.0.4 | 104.78 | 103.76 | 208.54 | NOTE | |
r-devel-linux-x86_64-fedora-clang | 1.0.4 | 333.40 | NOTE | |||
r-devel-linux-x86_64-fedora-gcc | 1.0.4 | 344.78 | NOTE | |||
r-devel-windows-x86_64 | 1.0.4 | 84.00 | 181.00 | 265.00 | NOTE | |
r-patched-linux-x86_64 | 1.0.4 | 106.53 | 134.27 | 240.80 | NOTE | |
r-release-linux-x86_64 | 1.0.4 | 87.07 | 133.75 | 220.82 | NOTE | |
r-release-macos-arm64 | 1.0.4 | 86.00 | NOTE | |||
r-release-macos-x86_64 | 1.0.4 | 159.00 | NOTE | |||
r-release-windows-x86_64 | 1.0.4 | 248.00 | 184.00 | 432.00 | NOTE | |
r-oldrel-macos-arm64 | 1.0.4 | 84.00 | NOTE | |||
r-oldrel-macos-x86_64 | 1.0.4 | 111.00 | NOTE | |||
r-oldrel-windows-ix86+x86_64 | 1.0.4 | 260.00 | 231.00 | 491.00 | NOTE |
Version: 1.0.4
Check: for GNU extensions in Makefiles
Result: NOTE
GNU make is a SystemRequirements.
Flavors: r-devel-linux-x86_64-debian-clang, r-devel-linux-x86_64-debian-gcc, r-devel-linux-x86_64-fedora-clang, r-devel-linux-x86_64-fedora-gcc, r-devel-windows-x86_64, r-patched-linux-x86_64, r-release-linux-x86_64, r-release-macos-arm64, r-release-macos-x86_64, r-release-windows-x86_64, r-oldrel-macos-arm64, r-oldrel-macos-x86_64, r-oldrel-windows-ix86+x86_64
Version: 1.0.4
Check: installed package size
Result: NOTE
installed size is 19.7Mb
sub-directories of 1Mb or more:
libs 19.4Mb
Flavors: r-devel-linux-x86_64-fedora-clang, r-release-macos-arm64, r-release-macos-x86_64, r-oldrel-macos-arm64, r-oldrel-macos-x86_64