CRAN Package Check Results for Package tmaptools

Last updated on 2022-06-28 03:51:45 CEST.

Flavor Version Tinstall Tcheck Ttotal Status Flags
r-devel-linux-x86_64-debian-clang 3.1-1 7.63 113.99 121.62 NOTE
r-devel-linux-x86_64-debian-gcc 3.1-1 6.23 84.77 91.00 NOTE
r-devel-linux-x86_64-fedora-clang 3.1-1 152.50 NOTE
r-devel-linux-x86_64-fedora-gcc 3.1-1 149.35 NOTE
r-devel-windows-x86_64 3.1-1 32.00 133.00 165.00 NOTE
r-patched-linux-x86_64 3.1-1 8.54 97.88 106.42 NOTE
r-release-linux-x86_64 3.1-1 8.34 89.90 98.24 NOTE
r-release-macos-arm64 3.1-1 49.00 NOTE
r-release-macos-x86_64 3.1-1 90.00 NOTE
r-release-windows-x86_64 3.1-1 17.00 138.00 155.00 NOTE
r-oldrel-macos-arm64 3.1-1 51.00 NOTE
r-oldrel-macos-x86_64 3.1-1 70.00 NOTE
r-oldrel-windows-ix86+x86_64 3.1-1 21.00 138.00 159.00 NOTE

Check Details

Version: 3.1-1
Check: LazyData
Result: NOTE
     'LazyData' is specified without a 'data' directory
Flavors: r-devel-linux-x86_64-debian-clang, r-devel-linux-x86_64-debian-gcc, r-devel-linux-x86_64-fedora-clang, r-devel-linux-x86_64-fedora-gcc, r-devel-windows-x86_64, r-patched-linux-x86_64, r-release-linux-x86_64, r-release-macos-arm64, r-release-macos-x86_64, r-release-windows-x86_64, r-oldrel-macos-arm64, r-oldrel-macos-x86_64, r-oldrel-windows-ix86+x86_64

Version: 3.1-1
Check: Rd cross-references
Result: NOTE
    Undeclared package ‘sp’ in Rd xrefs
Flavor: r-devel-linux-x86_64-fedora-clang

Version: 3.1-1
Check: package dependencies
Result: NOTE
    Package suggested but not available for checking: ‘OpenStreetMap’
Flavor: r-release-macos-x86_64

Version: 3.1-1
Check: Rd cross-references
Result: NOTE
    Package unavailable to check Rd xrefs: ‘OpenStreetMap’
Flavor: r-release-macos-x86_64