CRAN Package Check Results for Package tlrmvnmvt

Last updated on 2022-01-27 04:05:39 CET.

Flavor Version Tinstall Tcheck Ttotal Status Flags
r-devel-linux-x86_64-debian-clang 1.1.0 232.97 50.62 283.59 OK
r-devel-linux-x86_64-debian-gcc 1.1.0 158.82 40.53 199.35 OK
r-devel-linux-x86_64-fedora-clang 1.1.0 428.20 NOTE
r-devel-linux-x86_64-fedora-gcc 1.1.0 346.77 OK
r-devel-windows-x86_64-new-UL 1.1.0 182.00 95.00 277.00 OK
r-devel-windows-x86_64-new-TK 1.1.0 OK
r-patched-linux-x86_64 1.1.0 194.78 49.95 244.73 OK
r-release-linux-x86_64 1.1.0 183.14 50.36 233.50 OK
r-release-macos-arm64 1.1.0 NOTE
r-release-macos-x86_64 1.1.0 NOTE
r-release-windows-ix86+x86_64 1.1.0 536.00 112.00 648.00 OK
r-oldrel-macos-x86_64 1.1.0 NOTE
r-oldrel-windows-ix86+x86_64 1.1.0 541.00 117.00 658.00 OK

Check Details

Version: 1.1.0
Check: installed package size
Result: NOTE
     installed size is 9.8Mb
     sub-directories of 1Mb or more:
     libs 9.7Mb
Flavors: r-devel-linux-x86_64-fedora-clang, r-release-macos-arm64, r-release-macos-x86_64, r-oldrel-macos-x86_64