CRAN Package Check Results for Package tlrmvnmvt

Last updated on 2024-07-14 15:55:03 CEST.

Flavor Version Tinstall Tcheck Ttotal Status Flags
r-devel-linux-x86_64-debian-clang 1.1.2 248.67 43.85 292.52 NOTE
r-devel-linux-x86_64-debian-gcc 1.1.2 157.46 35.84 193.30 NOTE
r-devel-linux-x86_64-fedora-clang 1.1.2 463.35 NOTE
r-devel-linux-x86_64-fedora-gcc 1.1.2 445.46 NOTE
r-devel-windows-x86_64 1.1.2 182.00 76.00 258.00 NOTE
r-patched-linux-x86_64 1.1.2 193.13 40.94 234.07 NOTE
r-release-linux-x86_64 1.1.2 206.06 45.40 251.46 NOTE
r-release-macos-arm64 1.1.2 77.00 NOTE
r-release-macos-x86_64 1.1.2 75.00 NOTE
r-release-windows-x86_64 1.1.2 189.00 78.00 267.00 NOTE
r-oldrel-macos-arm64 1.1.2 112.00 NOTE
r-oldrel-macos-x86_64 1.1.2 168.00 NOTE
r-oldrel-windows-x86_64 1.1.2 221.00 89.00 310.00 NOTE

Check Details

Version: 1.1.2
Check: C++ specification
Result: NOTE Specified C++14: please drop specification unless essential Flavors: r-devel-linux-x86_64-debian-clang, r-devel-linux-x86_64-debian-gcc, r-devel-linux-x86_64-fedora-clang, r-devel-linux-x86_64-fedora-gcc, r-devel-windows-x86_64, r-patched-linux-x86_64, r-release-linux-x86_64, r-release-macos-arm64, r-release-macos-x86_64, r-release-windows-x86_64, r-oldrel-macos-arm64, r-oldrel-macos-x86_64, r-oldrel-windows-x86_64

Version: 1.1.2
Check: Rd files
Result: NOTE checkRd: (-1) pmvn.Rd:21: Lost braces in \itemize; meant \describe ? checkRd: (-1) pmvn.Rd:22: Lost braces in \itemize; meant \describe ? checkRd: (-1) pmvn.Rd:23: Lost braces in \itemize; meant \describe ? checkRd: (-1) pmvt.Rd:23: Lost braces in \itemize; meant \describe ? checkRd: (-1) pmvt.Rd:24: Lost braces in \itemize; meant \describe ? checkRd: (-1) pmvt.Rd:25: Lost braces in \itemize; meant \describe ? Flavors: r-devel-linux-x86_64-debian-clang, r-devel-linux-x86_64-debian-gcc, r-devel-linux-x86_64-fedora-clang, r-devel-linux-x86_64-fedora-gcc, r-devel-windows-x86_64, r-patched-linux-x86_64, r-release-linux-x86_64, r-release-macos-arm64, r-release-macos-x86_64, r-release-windows-x86_64

Version: 1.1.2
Check: installed package size
Result: NOTE installed size is 11.9Mb sub-directories of 1Mb or more: libs 11.8Mb Flavors: r-release-macos-arm64, r-release-macos-x86_64, r-oldrel-macos-arm64, r-oldrel-macos-x86_64