CRAN Package Check Results for Package tkrplot

Last updated on 2021-01-25 03:52:56 CET.

Flavor Version Tinstall Tcheck Ttotal Status Flags
r-devel-linux-x86_64-debian-clang 0.0-24 2.72 23.08 25.80 NOTE
r-devel-linux-x86_64-debian-gcc 0.0-24 2.50 19.46 21.96 NOTE
r-devel-linux-x86_64-fedora-clang 0.0-24 43.47 NOTE
r-devel-linux-x86_64-fedora-gcc 0.0-24 33.47 NOTE
r-devel-windows-ix86+x86_64 0.0-24 11.00 35.00 46.00 OK
r-patched-linux-x86_64 0.0-24 2.87 23.35 26.22 NOTE
r-patched-solaris-x86 0.0-24 47.80 NOTE
r-release-linux-x86_64 0.0-24 3.09 23.61 26.70 NOTE
r-release-macos-x86_64 0.0-24 OK
r-release-windows-ix86+x86_64 0.0-24 9.00 36.00 45.00 OK
r-oldrel-macos-x86_64 0.0-24 OK
r-oldrel-windows-ix86+x86_64 0.0-24 8.00 55.00 63.00 OK

Additional issues

M1mac M1mac

Check Details

Version: 0.0-24
Check: R code for possible problems
Result: NOTE
    Found an obsolete/platform-specific call in the following function:
     '.my.tkdev'
    Found the platform-specific device:
     'X11'
    dev.new() is the preferred way to open a new device, in the unlikely
    event one is needed.
Flavors: r-devel-linux-x86_64-debian-clang, r-devel-linux-x86_64-debian-gcc, r-devel-linux-x86_64-fedora-clang, r-devel-linux-x86_64-fedora-gcc, r-patched-linux-x86_64, r-patched-solaris-x86, r-release-linux-x86_64

Version: 0.0-24
Check: compiled code
Result: NOTE
    File ‘tkrplot/libs/tkrplot.so’:
     Found no calls to: ‘R_registerRoutines’, ‘R_useDynamicSymbols’
    
    It is good practice to register native routines and to disable symbol
    search.
    
    See ‘Writing portable packages’ in the ‘Writing R Extensions’ manual.
Flavors: r-devel-linux-x86_64-fedora-clang, r-devel-linux-x86_64-fedora-gcc