CRAN Package Check Results for Package tinyarray

Last updated on 2022-06-25 03:51:12 CEST.

Flavor Version Tinstall Tcheck Ttotal Status Flags
r-devel-linux-x86_64-debian-clang 2.2.7 43.80 343.78 387.58 OK
r-devel-linux-x86_64-debian-gcc 2.2.7 32.95 265.51 298.46 OK
r-devel-linux-x86_64-fedora-clang 2.2.7 398.56 NOTE
r-devel-linux-x86_64-fedora-gcc 2.2.7 384.42 NOTE
r-devel-windows-x86_64 2.2.7 68.00 375.00 443.00 OK
r-patched-linux-x86_64 2.2.7 36.72 335.05 371.77 OK
r-release-linux-x86_64 2.2.7 35.75 327.01 362.76 OK
r-release-macos-arm64 2.2.7 122.00 NOTE
r-release-macos-x86_64 2.2.7 206.00 NOTE
r-release-windows-x86_64 2.2.7 72.00 369.00 441.00 OK
r-oldrel-macos-arm64 2.2.7 90.00 NOTE
r-oldrel-macos-x86_64 2.2.7 151.00 NOTE
r-oldrel-windows-ix86+x86_64 2.2.7 85.00 378.00 463.00 OK

Check Details

Version: 2.2.7
Check: data for non-ASCII characters
Result: NOTE
     Note: found 2 marked UTF-8 strings
Flavors: r-devel-linux-x86_64-fedora-clang, r-devel-linux-x86_64-fedora-gcc, r-release-macos-arm64, r-release-macos-x86_64, r-oldrel-macos-arm64, r-oldrel-macos-x86_64