CRAN Package Check Results for Package timetk

Last updated on 2024-06-14 03:57:39 CEST.

Flavor Version Tinstall Tcheck Ttotal Status Flags
r-devel-linux-x86_64-debian-clang 2.9.0 20.37 349.64 370.01 OK
r-devel-linux-x86_64-debian-gcc 2.9.0 1.02 1.73 2.75 ERROR
r-devel-linux-x86_64-fedora-clang 2.9.0 468.76 NOTE
r-devel-linux-x86_64-fedora-gcc 2.9.0 463.84 NOTE
r-devel-windows-x86_64 2.9.0 21.00 271.00 292.00 OK
r-patched-linux-x86_64 2.9.0 27.26 338.69 365.95 OK
r-release-linux-x86_64 2.9.0 17.22 276.47 293.69 OK
r-release-macos-arm64 2.9.0 120.00 OK
r-release-macos-x86_64 2.9.0 216.00 OK
r-release-windows-x86_64 2.9.0 22.00 283.00 305.00 OK
r-oldrel-macos-arm64 2.9.0 177.00 OK
r-oldrel-macos-x86_64 2.9.0 273.00 OK
r-oldrel-windows-x86_64 2.9.0 28.00 350.00 378.00 OK

Additional issues

noSuggests

Check Details

Version: 2.9.0
Check: package dependencies
Result: ERROR Packages required but not available: 'recipes', 'rsample', 'dplyr', 'ggplot2', 'forcats', 'stringr', 'plotly', 'lubridate', 'padr', 'purrr', 'readr', 'tibble', 'tidyr', 'tidyselect', 'slider', 'forecast', 'tsfeatures', 'hms' Packages suggested but not available for checking: 'modeltime', 'workflows', 'parsnip', 'tune', 'broom', 'testthat', 'trelliscopejs' See section ‘The DESCRIPTION file’ in the ‘Writing R Extensions’ manual. Flavor: r-devel-linux-x86_64-debian-gcc

Version: 2.9.0
Check: package dependencies
Result: NOTE Imports includes 25 non-default packages. Importing from so many packages makes the package vulnerable to any of them becoming unavailable. Move as many as possible to Suggests and use conditionally. Flavor: r-devel-linux-x86_64-fedora-clang

Version: 2.9.0
Check: data for non-ASCII characters
Result: NOTE Note: found 2750 marked UTF-8 strings Flavors: r-devel-linux-x86_64-fedora-clang, r-devel-linux-x86_64-fedora-gcc