CRAN Package Check Results for Package timeseriesdb

Last updated on 2020-09-20 03:47:39 CEST.

Flavor Version Tinstall Tcheck Ttotal Status Flags
r-devel-linux-x86_64-debian-clang 0.4.1 6.08 49.87 55.95 OK
r-devel-linux-x86_64-debian-gcc 0.4.1 4.41 38.54 42.95 OK
r-devel-linux-x86_64-fedora-clang 0.4.1 77.76 NOTE
r-devel-linux-x86_64-fedora-gcc 0.4.1 65.91 NOTE
r-devel-windows-ix86+x86_64 0.4.1 13.00 62.00 75.00 OK
r-patched-linux-x86_64 0.4.1 5.33 48.29 53.62 OK
r-patched-solaris-x86 0.4.1 99.20 NOTE
r-release-linux-x86_64 0.4.1 5.67 49.06 54.73 OK
r-release-macos-x86_64 0.4.1 NOTE
r-release-windows-ix86+x86_64 0.4.1 14.00 73.00 87.00 OK
r-oldrel-macos-x86_64 0.4.1 NOTE
r-oldrel-windows-ix86+x86_64 0.4.1 7.00 51.00 58.00 OK

Check Details

Version: 0.4.1
Check: dependencies in R code
Result: NOTE
    Namespace in Imports field not imported from: ‘shiny’
     All declared Imports should be used.
Flavors: r-devel-linux-x86_64-fedora-clang, r-devel-linux-x86_64-fedora-gcc, r-patched-solaris-x86, r-release-macos-x86_64, r-oldrel-macos-x86_64