Last updated on 2022-06-28 03:51:45 CEST.
Flavor | Version | Tinstall | Tcheck | Ttotal | Status | Flags |
---|---|---|---|---|---|---|
r-devel-linux-x86_64-debian-clang | 1.0.7 | 179.98 | 63.59 | 243.57 | OK | |
r-devel-linux-x86_64-debian-gcc | 1.0.7 | 139.40 | 48.44 | 187.84 | OK | |
r-devel-linux-x86_64-fedora-clang | 1.0.7 | 374.84 | NOTE | |||
r-devel-linux-x86_64-fedora-gcc | 1.0.7 | 324.92 | OK | |||
r-devel-windows-x86_64 | 1.0.7 | 159.00 | 122.00 | 281.00 | OK | |
r-patched-linux-x86_64 | 1.0.7 | 143.62 | 61.47 | 205.09 | OK | |
r-release-linux-x86_64 | 1.0.7 | 150.80 | 61.91 | 212.71 | OK | |
r-release-macos-arm64 | 1.0.7 | 71.00 | NOTE | |||
r-release-macos-x86_64 | 1.0.7 | 103.00 | NOTE | |||
r-release-windows-x86_64 | 1.0.7 | 154.00 | 122.00 | 276.00 | OK | |
r-oldrel-macos-arm64 | 1.0.7 | 100.00 | NOTE | |||
r-oldrel-macos-x86_64 | 1.0.7 | 131.00 | NOTE | |||
r-oldrel-windows-ix86+x86_64 | 1.0.7 | 437.00 | 132.00 | 569.00 | OK |
Version: 1.0.7
Check: installed package size
Result: NOTE
installed size is 7.5Mb
sub-directories of 1Mb or more:
libs 6.4Mb
Flavors: r-devel-linux-x86_64-fedora-clang, r-release-macos-arm64, r-release-macos-x86_64, r-oldrel-macos-arm64, r-oldrel-macos-x86_64