CRAN Package Check Results for Package tidyverse

Last updated on 2020-08-15 15:47:08 CEST.

Flavor Version Tinstall Tcheck Ttotal Status Flags
r-devel-linux-x86_64-debian-clang 1.3.0 8.14 82.98 91.12 OK
r-devel-linux-x86_64-debian-gcc 1.3.0 7.88 62.02 69.90 OK
r-devel-linux-x86_64-fedora-clang 1.3.0 112.78 NOTE
r-devel-linux-x86_64-fedora-gcc 1.3.0 105.40 OK
r-devel-windows-ix86+x86_64 1.3.0 37.00 140.00 177.00 OK
r-patched-linux-x86_64 1.3.0 9.39 79.76 89.15 OK
r-patched-solaris-x86 1.3.0 157.50 OK
r-release-linux-x86_64 1.3.0 9.00 80.07 89.07 OK
r-release-macos-x86_64 1.3.0 OK
r-release-windows-ix86+x86_64 1.3.0 31.00 94.00 125.00 OK
r-oldrel-macos-x86_64 1.3.0 OK
r-oldrel-windows-ix86+x86_64 1.3.0 14.00 96.00 110.00 OK

Check Details

Version: 1.3.0
Check: package dependencies
Result: NOTE
    Imports includes 26 non-default packages.
    Importing from so many packages makes the package vulnerable to any of
    them becoming unavailable. Move as many as possible to Suggests and
    use conditionally.
Flavor: r-devel-linux-x86_64-fedora-clang