CRAN Package Check Results for Package tidyverse

Last updated on 2020-10-20 15:48:48 CEST.

Flavor Version Tinstall Tcheck Ttotal Status Flags
r-devel-linux-x86_64-debian-clang 1.3.0 8.80 88.52 97.32 OK
r-devel-linux-x86_64-debian-gcc 1.3.0 8.08 65.11 73.19 OK
r-devel-linux-x86_64-fedora-clang 1.3.0 124.02 NOTE
r-devel-linux-x86_64-fedora-gcc 1.3.0 111.45 OK
r-devel-windows-ix86+x86_64 1.3.0 17.00 82.00 99.00 OK
r-patched-linux-x86_64 1.3.0 8.75 80.49 89.24 OK
r-patched-solaris-x86 1.3.0 158.10 OK
r-release-linux-x86_64 1.3.0 9.27 80.28 89.55 OK
r-release-macos-x86_64 1.3.0 OK
r-release-windows-ix86+x86_64 1.3.0 31.00 81.00 112.00 OK
r-oldrel-macos-x86_64 1.3.0 OK
r-oldrel-windows-ix86+x86_64 1.3.0 12.00 80.00 92.00 OK

Check Details

Version: 1.3.0
Check: package dependencies
Result: NOTE
    Imports includes 26 non-default packages.
    Importing from so many packages makes the package vulnerable to any of
    them becoming unavailable. Move as many as possible to Suggests and
    use conditionally.
Flavor: r-devel-linux-x86_64-fedora-clang