CRAN Package Check Results for Package tidytreatment

Last updated on 2022-06-28 15:53:30 CEST.

Flavor Version Tinstall Tcheck Ttotal Status Flags
r-devel-linux-x86_64-debian-clang 0.2.2 12.70 115.57 128.27 OK
r-devel-linux-x86_64-debian-gcc 0.2.2 8.73 85.62 94.35 OK
r-devel-linux-x86_64-fedora-clang 0.2.2 162.42 OK
r-devel-linux-x86_64-fedora-gcc 0.2.2 159.67 OK
r-devel-windows-x86_64 0.2.2 92.00 206.00 298.00 OK
r-patched-linux-x86_64 0.2.2 10.44 109.35 119.79 OK
r-release-linux-x86_64 0.2.2 8.00 110.10 118.10 OK
r-release-macos-arm64 0.2.2 45.00 OK
r-release-macos-x86_64 0.2.2 252.00 NOTE
r-release-windows-x86_64 0.2.2 71.00 206.00 277.00 OK
r-oldrel-macos-arm64 0.2.2 41.00 OK
r-oldrel-macos-x86_64 0.2.2 66.00 OK
r-oldrel-windows-ix86+x86_64 0.2.2 25.00 196.00 221.00 OK

Check Details

Version: 0.2.2
Check: package dependencies
Result: NOTE
    Package which this enhances but not available for checking: ‘bartMachine’
Flavor: r-release-macos-x86_64