CRAN Package Check Results for Package tidytransit

Last updated on 2020-08-10 15:48:13 CEST.

Flavor Version Tinstall Tcheck Ttotal Status Flags
r-devel-linux-x86_64-debian-clang 0.7.1 9.92 227.99 237.91 OK
r-devel-linux-x86_64-debian-gcc 0.7.1 7.65 174.59 182.24 OK
r-devel-linux-x86_64-fedora-clang 0.7.1 283.54 NOTE
r-devel-linux-x86_64-fedora-gcc 0.7.1 273.07 NOTE
r-devel-windows-ix86+x86_64 0.7.1 23.00 285.00 308.00 NOTE
r-patched-linux-x86_64 0.7.1 9.38 221.04 230.42 OK
r-patched-solaris-x86 0.7.1 470.90 NOTE
r-release-linux-x86_64 0.7.1 9.50 221.31 230.81 OK
r-release-macos-x86_64 0.7.1 NOTE
r-release-windows-ix86+x86_64 0.7.1 28.00 286.00 314.00 NOTE
r-oldrel-macos-x86_64 0.7.1 NOTE
r-oldrel-windows-ix86+x86_64 0.7.1 20.00 218.00 238.00 NOTE

Check Details

Version: 0.7.1
Check: installed package size
Result: NOTE
     installed size is 6.0Mb
     sub-directories of 1Mb or more:
     extdata 4.4Mb
Flavors: r-devel-linux-x86_64-fedora-clang, r-devel-windows-ix86+x86_64, r-patched-solaris-x86, r-release-macos-x86_64, r-release-windows-ix86+x86_64, r-oldrel-macos-x86_64, r-oldrel-windows-ix86+x86_64

Version: 0.7.1
Check: data for non-ASCII characters
Result: NOTE
     Note: found 62 marked UTF-8 strings
Flavors: r-devel-linux-x86_64-fedora-clang, r-devel-linux-x86_64-fedora-gcc, r-patched-solaris-x86, r-release-macos-x86_64, r-oldrel-macos-x86_64