CRAN Package Check Results for Package tidystats

Last updated on 2020-12-01 04:47:50 CET.

Flavor Version Tinstall Tcheck Ttotal Status Flags
r-devel-linux-x86_64-debian-clang 0.5 8.62 70.00 78.62 OK
r-devel-linux-x86_64-debian-gcc 0.5 5.32 55.52 60.84 OK
r-devel-linux-x86_64-fedora-clang 0.5 95.00 NOTE
r-devel-linux-x86_64-fedora-gcc 0.5 85.67 NOTE
r-devel-windows-ix86+x86_64 0.5 13.00 69.00 82.00 OK
r-patched-linux-x86_64 0.5 6.27 72.60 78.87 OK
r-patched-solaris-x86 0.5 121.50 NOTE
r-release-linux-x86_64 0.5 6.65 70.80 77.45 OK
r-release-macos-x86_64 0.5 NOTE
r-release-windows-ix86+x86_64 0.5 9.00 71.00 80.00 OK
r-oldrel-macos-x86_64 0.5 ERROR
r-oldrel-windows-ix86+x86_64 0.5 8.00 87.00 95.00 ERROR

Check Details

Version: 0.5
Check: data for non-ASCII characters
Result: NOTE
     Note: found 113 marked UTF-8 strings
Flavors: r-devel-linux-x86_64-fedora-clang, r-devel-linux-x86_64-fedora-gcc, r-patched-solaris-x86, r-release-macos-x86_64, r-oldrel-macos-x86_64

Version: 0.5
Check: tests
Result: ERROR
     Running ‘testthat.R’ [13s/13s]
    Running the tests in ‘tests/testthat.R’ failed.
    Last 13 lines of output:
     `tidy_model` not equal to `tidy_model_test`.
     Component "method": 1 string mismatch
    
     ── FAILURE (test_htest.R:212:3): wilcoxon rank sum tests works ─────────────────
     `tidy_model` not equal to `tidy_model_test`.
     Component "method": 1 string mismatch
    
     ══ testthat results ═══════════════════════════════════════════════════════════
     ERROR (test_htest.R:14:3): one sample t-tests works
     FAILURE (test_htest.R:168:3): wilcoxon signed rank exact tests works
     FAILURE (test_htest.R:212:3): wilcoxon rank sum tests works
    
     [ FAIL 3 | WARN 0 | SKIP 0 | PASS 68 ]
     Error: Test failures
     Execution halted
Flavor: r-oldrel-macos-x86_64

Version: 0.5
Check: tests
Result: ERROR
     Running 'testthat.R' [19s]
    Running the tests in 'tests/testthat.R' failed.
    Complete output:
     > library(testthat)
     > library(tidystats)
     Welcome to tidystats 0.5.
     Please note that this update (again) breaks much of the code from previous versions; so please check your old code carefully.
     >
     > test_check("tidystats")
     -- ERROR (test_htest.R:14:3): one sample t-tests works -------------------------
     Error: 'formula' missing or incorrect
     Backtrace:
     x
     1. +-stats::t.test(extra ~ 1, data = sleep) test_htest.R:14:2
     2. \-stats:::t.test.formula(extra ~ 1, data = sleep)
    
     -- FAILURE (test_htest.R:168:3): wilcoxon signed rank exact tests works --------
     `tidy_model` not equal to `tidy_model_test`.
     Component "method": 1 string mismatch
    
     -- FAILURE (test_htest.R:212:3): wilcoxon rank sum tests works -----------------
     `tidy_model` not equal to `tidy_model_test`.
     Component "method": 1 string mismatch
    
     == testthat results ===========================================================
     ERROR (test_htest.R:14:3): one sample t-tests works
     FAILURE (test_htest.R:168:3): wilcoxon signed rank exact tests works
     FAILURE (test_htest.R:212:3): wilcoxon rank sum tests works
    
     [ FAIL 3 | WARN 0 | SKIP 0 | PASS 68 ]
     Error: Test failures
     Execution halted
Flavor: r-oldrel-windows-ix86+x86_64