Last updated on 2023-02-08 15:52:56 CET.
Flavor | Version | Tinstall | Tcheck | Ttotal | Status | Flags |
---|---|---|---|---|---|---|
r-devel-linux-x86_64-debian-clang | 0.1.0 | 13.19 | 107.12 | 120.31 | OK | |
r-devel-linux-x86_64-debian-gcc | 0.1.0 | 10.22 | 78.19 | 88.41 | OK | |
r-devel-linux-x86_64-fedora-clang | 0.1.0 | 155.33 | NOTE | |||
r-devel-linux-x86_64-fedora-gcc | 0.1.0 | 148.77 | NOTE | |||
r-devel-windows-x86_64 | 0.1.0 | 36.00 | 137.00 | 173.00 | OK | |
r-patched-linux-x86_64 | 0.1.0 | 16.04 | 101.57 | 117.61 | OK | |
r-release-linux-x86_64 | 0.1.0 | 9.54 | 111.35 | 120.89 | OK | |
r-release-macos-arm64 | 0.1.0 | 42.00 | NOTE | |||
r-release-macos-x86_64 | 0.1.0 | 60.00 | NOTE | |||
r-release-windows-x86_64 | 0.1.0 | 37.00 | 138.00 | 175.00 | OK | |
r-oldrel-macos-arm64 | 0.1.0 | 43.00 | NOTE | |||
r-oldrel-macos-x86_64 | 0.1.0 | 62.00 | NOTE | |||
r-oldrel-windows-ix86+x86_64 | 0.1.0 | 28.00 | 126.00 | 154.00 | OK |
Version: 0.1.0
Check: dependencies in R code
Result: NOTE
Namespace in Imports field not imported from: ‘reticulate’
All declared Imports should be used.
Flavors: r-devel-linux-x86_64-fedora-clang, r-devel-linux-x86_64-fedora-gcc, r-release-macos-arm64, r-release-macos-x86_64, r-oldrel-macos-arm64, r-oldrel-macos-x86_64